{"id":895,"date":"2022-08-10T14:28:27","date_gmt":"2022-08-10T12:28:27","guid":{"rendered":"http:\/\/www.choeurdemay.ch\/?page_id=895"},"modified":"2022-08-10T14:28:55","modified_gmt":"2022-08-10T12:28:55","slug":"2018-concerts-du-20e-anniversaire","status":"publish","type":"page","link":"https:\/\/www.choeurdemay.ch\/?page_id=895","title":{"rendered":"2018 \u2013 Concerts du 20e anniversaire"},"content":{"rendered":"\n<p class=\"wp-block-paragraph\">Cr\u00e9ation des \u00ab&nbsp;Chemins de Pierre&nbsp;\u00bb,&nbsp; textes choisis et compos\u00e9s par Pierrot Schuwey, musique de Jean-Fran\u00e7ois Michel<\/p>\n\n\n\n<p class=\"wp-block-paragraph\">Avec la participation de Jean Godel, r\u00e9citant<br>et du Quatuor Sine Nomine<\/p>\n\n\n\n<h3 class=\"wp-block-heading\"><strong>Samedi 10 novembre 2018 \u2013 20h<br>Dimanche 11 novembre 2018 \u2013 17h<\/strong><br><strong>Eglise Saint-Pierre-aux-Liens, Bulle<\/strong><\/h3>\n\n\n\n<p class=\"wp-block-paragraph\"><\/p>\n\n\n\n<figure class=\"wp-block-gallery columns-1 is-cropped wp-block-gallery-1 is-layout-flex wp-block-gallery-is-layout-flex\"><ul class=\"blocks-gallery-grid\"><li class=\"blocks-gallery-item\"><figure><img loading=\"lazy\" decoding=\"async\" width=\"724\" height=\"1024\" src=\"https:\/\/www.choeurdemay.ch\/wp-content\/uploads\/2017\/03\/Chemins-de-Pierre_25-novembre-724x1024.jpg\" alt=\"\" data-id=\"599\" data-full-url=\"https:\/\/www.choeurdemay.ch\/wp-content\/uploads\/2017\/03\/Chemins-de-Pierre_25-novembre.jpg\" data-link=\"https:\/\/www.choeurdemay.ch\/?attachment_id=599\" class=\"wp-image-599\" srcset=\"https:\/\/www.choeurdemay.ch\/wp-content\/uploads\/2017\/03\/Chemins-de-Pierre_25-novembre-724x1024.jpg 724w, https:\/\/www.choeurdemay.ch\/wp-content\/uploads\/2017\/03\/Chemins-de-Pierre_25-novembre-212x300.jpg 212w, https:\/\/www.choeurdemay.ch\/wp-content\/uploads\/2017\/03\/Chemins-de-Pierre_25-novembre.jpg 1500w\" sizes=\"auto, (max-width: 724px) 100vw, 724px\" \/><\/figure><\/li><\/ul><\/figure>\n","protected":false},"excerpt":{"rendered":"<p>Cr\u00e9ation des \u00ab&nbsp;Chemins de Pierre&nbsp;\u00bb,&nbsp; textes choisis et compos\u00e9s par Pierrot Schuwey, musique de Jean-Fran\u00e7ois Michel Avec la participation de Jean Godel, r\u00e9citantet du Quatuor Sine Nomine Samedi 10 novembre 2018 \u2013 20hDimanche 11 novembre 2018 \u2013 17hEglise Saint-Pierre-aux-Liens, Bulle<\/p>\n","protected":false},"author":5,"featured_media":0,"parent":0,"menu_order":0,"comment_status":"closed","ping_status":"closed","template":"","meta":{"footnotes":""},"class_list":["post-895","page","type-page","status-publish","hentry"],"_links":{"self":[{"href":"https:\/\/www.choeurdemay.ch\/index.php?rest_route=\/wp\/v2\/pages\/895","targetHints":{"allow":["GET"]}}],"collection":[{"href":"https:\/\/www.choeurdemay.ch\/index.php?rest_route=\/wp\/v2\/pages"}],"about":[{"href":"https:\/\/www.choeurdemay.ch\/index.php?rest_route=\/wp\/v2\/types\/page"}],"author":[{"embeddable":true,"href":"https:\/\/www.choeurdemay.ch\/index.php?rest_route=\/wp\/v2\/users\/5"}],"replies":[{"embeddable":true,"href":"https:\/\/www.choeurdemay.ch\/index.php?rest_route=%2Fwp%2Fv2%2Fcomments&post=895"}],"version-history":[{"count":2,"href":"https:\/\/www.choeurdemay.ch\/index.php?rest_route=\/wp\/v2\/pages\/895\/revisions"}],"predecessor-version":[{"id":897,"href":"https:\/\/www.choeurdemay.ch\/index.php?rest_route=\/wp\/v2\/pages\/895\/revisions\/897"}],"wp:attachment":[{"href":"https:\/\/www.choeurdemay.ch\/index.php?rest_route=%2Fwp%2Fv2%2Fmedia&parent=895"}],"curies":[{"name":"wp","href":"https:\/\/api.w.org\/{rel}","templated":true}]}}

<p class="wp-block-paragraph">Création des «&nbsp;Chemins de Pierre&nbsp;»,&nbsp; textes choisis et composés par Pierrot Schuwey, musique de Jean-François Michel</p>



<p class="wp-block-paragraph">Avec la participation de Jean Godel, récitant<br>et du Quatuor Sine Nomine</p>



<h3 class="wp-block-heading"><strong>Samedi 10 novembre 2018 – 20h<br>Dimanche 11 novembre 2018 – 17h</strong><br><strong>Eglise Saint-Pierre-aux-Liens, Bulle</strong></h3>



<p class="wp-block-paragraph"></p>



<figure class="wp-block-gallery columns-1 is-cropped wp-block-gallery-1 is-layout-flex wp-block-gallery-is-layout-flex"><ul class="blocks-gallery-grid"><li class="blocks-gallery-item"><figure><img loading="lazy" decoding="async" width="724" height="1024" src="https://www.choeurdemay.ch/wp-content/uploads/2017/03/Chemins-de-Pierre_25-novembre-724x1024.jpg" alt="" data-id="599" data-full-url="https://www.choeurdemay.ch/wp-content/uploads/2017/03/Chemins-de-Pierre_25-novembre.jpg" data-link="https://www.choeurdemay.ch/?attachment_id=599" class="wp-image-599" srcset="https://www.choeurdemay.ch/wp-content/uploads/2017/03/Chemins-de-Pierre_25-novembre-724x1024.jpg 724w, https://www.choeurdemay.ch/wp-content/uploads/2017/03/Chemins-de-Pierre_25-novembre-212x300.jpg 212w, https://www.choeurdemay.ch/wp-content/uploads/2017/03/Chemins-de-Pierre_25-novembre.jpg 1500w" sizes="auto, (max-width: 724px) 100vw, 724px" /></figure></li></ul></figure>

<p>Création des «&nbsp;Chemins de Pierre&nbsp;»,&nbsp; textes choisis et composés par Pierrot Schuwey, musique de Jean-François Michel Avec la participation de Jean Godel, récitantet du Quatuor Sine Nomine Samedi 10 novembre 2018 – 20hDimanche 11 novembre 2018 – 17hEglise Saint-Pierre-aux-Liens, Bulle</p>
