{"id":788,"date":"2022-03-23T14:33:35","date_gmt":"2022-03-23T12:33:35","guid":{"rendered":"http:\/\/www.choeurdemay.ch\/?page_id=788"},"modified":"2022-08-10T14:41:16","modified_gmt":"2022-08-10T12:41:16","slug":"788-2","status":"publish","type":"page","link":"https:\/\/www.choeurdemay.ch\/?page_id=788","title":{"rendered":"2021 &#8211; Gloria de Vivaldi"},"content":{"rendered":"\n<h1 class=\"wp-block-heading\"><span style=\"color:#bf9a1f\" class=\"has-inline-color\"><strong>Gloria<br><\/strong>Antonio Vivaldi (1678 \u2013 1741)<\/span><\/h1>\n\n\n\n<h4 class=\"wp-block-heading\">En collaboration avec <a href=\"http:\/\/www.ocbroye.ch\/\" target=\"_blank\" rel=\"noreferrer noopener\">l&rsquo;Orchestre de chambre de la Broye<\/a><\/h4>\n\n\n\n<h3 class=\"wp-block-heading\"><br><em><span style=\"color:#bf9a1f\" class=\"has-inline-color\">Sa 27 novembre 2021 &#8211; 20h00<\/span><br>Temple de Payerne<\/em><\/h3>\n\n\n\n<h3 class=\"wp-block-heading\"><em><span style=\"color:#bf9a1f\" class=\"has-inline-color\">Di 28 novembre 2021 &#8211; 17h00<\/span><br>\u00c9glise Saint-Pierre-aux-Liens de Bulle<\/em><\/h3>\n\n\n\n<h4 class=\"wp-block-heading\">Entr\u00e9e libre &#8211; Collecte \u00e0 la sortie<br><\/h4>\n\n\n\n<div class=\"wp-block-image\"><figure class=\"aligncenter size-large\"><img loading=\"lazy\" decoding=\"async\" width=\"724\" height=\"1024\" src=\"https:\/\/www.choeurdemay.ch\/wp-content\/uploads\/2021\/11\/FLYER-Gloria-CDM-version-de\u0301finitive_web-1-724x1024.jpg\" alt=\"\" class=\"wp-image-780\" srcset=\"https:\/\/www.choeurdemay.ch\/wp-content\/uploads\/2021\/11\/FLYER-Gloria-CDM-version-de\u0301finitive_web-1-724x1024.jpg 724w, https:\/\/www.choeurdemay.ch\/wp-content\/uploads\/2021\/11\/FLYER-Gloria-CDM-version-de\u0301finitive_web-1-212x300.jpg 212w, https:\/\/www.choeurdemay.ch\/wp-content\/uploads\/2021\/11\/FLYER-Gloria-CDM-version-de\u0301finitive_web-1-768x1086.jpg 768w, https:\/\/www.choeurdemay.ch\/wp-content\/uploads\/2021\/11\/FLYER-Gloria-CDM-version-de\u0301finitive_web-1-1086x1536.jpg 1086w, https:\/\/www.choeurdemay.ch\/wp-content\/uploads\/2021\/11\/FLYER-Gloria-CDM-version-de\u0301finitive_web-1-1448x2048.jpg 1448w, https:\/\/www.choeurdemay.ch\/wp-content\/uploads\/2021\/11\/FLYER-Gloria-CDM-version-de\u0301finitive_web-1-scaled.jpg 1810w\" sizes=\"auto, (max-width: 724px) 100vw, 724px\" \/><\/figure><\/div>\n","protected":false},"excerpt":{"rendered":"<p>GloriaAntonio Vivaldi (1678 \u2013 1741) En collaboration avec l&rsquo;Orchestre de chambre de la Broye Sa 27 novembre 2021 &#8211; 20h00Temple de Payerne Di 28 novembre 2021 &#8211; 17h00\u00c9glise Saint-Pierre-aux-Liens de Bulle Entr\u00e9e libre &#8211; Collecte \u00e0 la sortie<\/p>\n","protected":false},"author":5,"featured_media":0,"parent":681,"menu_order":0,"comment_status":"closed","ping_status":"closed","template":"","meta":{"footnotes":""},"class_list":["post-788","page","type-page","status-publish","hentry"],"_links":{"self":[{"href":"https:\/\/www.choeurdemay.ch\/index.php?rest_route=\/wp\/v2\/pages\/788","targetHints":{"allow":["GET"]}}],"collection":[{"href":"https:\/\/www.choeurdemay.ch\/index.php?rest_route=\/wp\/v2\/pages"}],"about":[{"href":"https:\/\/www.choeurdemay.ch\/index.php?rest_route=\/wp\/v2\/types\/page"}],"author":[{"embeddable":true,"href":"https:\/\/www.choeurdemay.ch\/index.php?rest_route=\/wp\/v2\/users\/5"}],"replies":[{"embeddable":true,"href":"https:\/\/www.choeurdemay.ch\/index.php?rest_route=%2Fwp%2Fv2%2Fcomments&post=788"}],"version-history":[{"count":11,"href":"https:\/\/www.choeurdemay.ch\/index.php?rest_route=\/wp\/v2\/pages\/788\/revisions"}],"predecessor-version":[{"id":913,"href":"https:\/\/www.choeurdemay.ch\/index.php?rest_route=\/wp\/v2\/pages\/788\/revisions\/913"}],"up":[{"embeddable":true,"href":"https:\/\/www.choeurdemay.ch\/index.php?rest_route=\/wp\/v2\/pages\/681"}],"wp:attachment":[{"href":"https:\/\/www.choeurdemay.ch\/index.php?rest_route=%2Fwp%2Fv2%2Fmedia&parent=788"}],"curies":[{"name":"wp","href":"https:\/\/api.w.org\/{rel}","templated":true}]}}

<h1 class="wp-block-heading"><span style="color:#bf9a1f" class="has-inline-color"><strong>Gloria<br></strong>Antonio Vivaldi (1678 – 1741)</span></h1>



<h4 class="wp-block-heading">En collaboration avec <a href="http://www.ocbroye.ch/" target="_blank" rel="noreferrer noopener">l&rsquo;Orchestre de chambre de la Broye</a></h4>



<h3 class="wp-block-heading"><br><em><span style="color:#bf9a1f" class="has-inline-color">Sa 27 novembre 2021 &#8211; 20h00</span><br>Temple de Payerne</em></h3>



<h3 class="wp-block-heading"><em><span style="color:#bf9a1f" class="has-inline-color">Di 28 novembre 2021 &#8211; 17h00</span><br>Église Saint-Pierre-aux-Liens de Bulle</em></h3>



<h4 class="wp-block-heading">Entrée libre &#8211; Collecte à la sortie<br></h4>



<div class="wp-block-image"><figure class="aligncenter size-large"><img loading="lazy" decoding="async" width="724" height="1024" src="https://www.choeurdemay.ch/wp-content/uploads/2021/11/FLYER-Gloria-CDM-version-définitive_web-1-724x1024.jpg" alt="" class="wp-image-780" srcset="https://www.choeurdemay.ch/wp-content/uploads/2021/11/FLYER-Gloria-CDM-version-définitive_web-1-724x1024.jpg 724w, https://www.choeurdemay.ch/wp-content/uploads/2021/11/FLYER-Gloria-CDM-version-définitive_web-1-212x300.jpg 212w, https://www.choeurdemay.ch/wp-content/uploads/2021/11/FLYER-Gloria-CDM-version-définitive_web-1-768x1086.jpg 768w, https://www.choeurdemay.ch/wp-content/uploads/2021/11/FLYER-Gloria-CDM-version-définitive_web-1-1086x1536.jpg 1086w, https://www.choeurdemay.ch/wp-content/uploads/2021/11/FLYER-Gloria-CDM-version-définitive_web-1-1448x2048.jpg 1448w, https://www.choeurdemay.ch/wp-content/uploads/2021/11/FLYER-Gloria-CDM-version-définitive_web-1-scaled.jpg 1810w" sizes="auto, (max-width: 724px) 100vw, 724px" /></figure></div>

<p>GloriaAntonio Vivaldi (1678 – 1741) En collaboration avec l&rsquo;Orchestre de chambre de la Broye Sa 27 novembre 2021 &#8211; 20h00Temple de Payerne Di 28 novembre 2021 &#8211; 17h00Église Saint-Pierre-aux-Liens de Bulle Entrée libre &#8211; Collecte à la sortie</p>
