{"id":693,"date":"2021-02-20T17:28:44","date_gmt":"2021-02-20T15:28:44","guid":{"rendered":"http:\/\/www.choeurdemay.ch\/?page_id=693"},"modified":"2021-02-20T17:29:11","modified_gmt":"2021-02-20T15:29:11","slug":"2020-concert-au-chateau-de-bulle","status":"publish","type":"page","link":"https:\/\/www.choeurdemay.ch\/?page_id=693","title":{"rendered":"2020 \u2013 Concert au Ch\u00e2teau de Bulle"},"content":{"rendered":"\n<figure class=\"wp-block-image\" id=\"block-50c0e5cc-43c5-438a-aa9f-82a06a8ef963\"><img decoding=\"async\" src=\"https:\/\/www.choeurdemay.ch\/wp-content\/uploads\/2021\/02\/117236807_3222115747876247_6844737725008574707_o-1.jpg\" alt=\"L\u2019attribut alt de cette image est vide, son nom de fichier est 117236807_3222115747876247_6844737725008574707_o-1.jpg.\"\/><\/figure>\n\n\n\n<h2 class=\"wp-block-heading\" id=\"block-5504c71e-55d7-4d2b-8971-9bf2bb2d644a\"><span class=\"has-inline-color has-medium-gray-color\">Dimanche 16 ao\u00fbt 2020<br>Cours du Ch\u00e2teau de Bulle<\/span><\/h2>\n\n\n\n<h2 class=\"wp-block-heading\" id=\"block-3ae3a400-5641-4d7a-a9d0-39389b7dad9d\">Programme<\/h2>\n\n\n\n<p class=\"wp-block-paragraph\" id=\"block-669f6d06-2431-4253-b84a-10f39de90b02\"><strong>Claudin de Sermisy (ca. 1490 &#8211; 1465)<\/strong><br><em><span class=\"has-inline-color has-green-color\">Vous perdez temps de me dire mal d\u2019elle<\/span><\/em><br>(Po\u00e8me de Cl\u00e9ment Marot)<br><br><strong>Anonyme du XVI<sup>e<\/sup> si\u00e8cle<\/strong><br><em><span class=\"has-inline-color has-green-color\">Pavane<\/span><\/em><\/p>\n\n\n\n<p class=\"wp-block-paragraph\" id=\"block-6ef637a1-1ecd-494b-898c-e1ab7c095979\"><strong>Pierre Certon (ca. 1510 &#8211; 1572)<\/strong><br><em><span class=\"has-inline-color has-green-color\">La, la, la, je ne l\u2019ose dire<\/span><\/em><\/p>\n\n\n\n<p class=\"wp-block-paragraph\" id=\"block-d1f92fe3-d886-4cd5-9e5d-b403c57e3882\"><strong>Amanda McBroom (1947)<\/strong><br><em><span class=\"has-inline-color has-green-color\">The Rose<\/span><\/em><\/p>\n\n\n\n<p class=\"wp-block-paragraph\" id=\"block-c7fbecc0-e0fe-4ae3-9195-53aa55c03a4d\"><strong>Jean-Philippe Rameau (1683 &#8211; 1764)<\/strong><br><em><span class=\"has-inline-color has-green-color\">Hymne \u00e0 la nuit<\/span><\/em><br>(Transcription Carol Boller 1896 &#8211; 1952)<\/p>\n\n\n\n<p class=\"wp-block-paragraph\" id=\"block-71d95e7d-30f8-4a73-b4fa-72495afd9e95\"><strong>Joseph Bovet (1879 &#8211; 1951)<\/strong><br><em><span class=\"has-inline-color has-green-color\">La pri\u00e8re du p\u00e2tre<\/span><\/em><\/p>\n\n\n\n<p class=\"wp-block-paragraph\" id=\"block-e22f794b-6acd-4f13-a1b2-e8439a70cd7a\"><strong>Joseph Bovet (1879 &#8211; 1951)<\/strong><br><em><span class=\"has-inline-color has-green-color\">La fanfare du printemps<\/span><\/em><\/p>\n\n\n\n<p class=\"wp-block-paragraph\" id=\"block-499af8f0-5972-41a4-b7fe-24cbfdb2028f\"><strong>Joseph Bovet (1879 &#8211; 1951)<\/strong><br><em><span class=\"has-inline-color has-green-color\">Le baiser de ma m\u00e8re<\/span><\/em><\/p>\n\n\n\n<p class=\"wp-block-paragraph\" id=\"block-50994348-ef65-4df3-91a2-e50aeaa7db6c\"><strong>Joseph Bovet (1879 &#8211; 1951)<\/strong><br><em><span class=\"has-inline-color has-green-color\">Nouthra Dona di Maorts\u00e8<\/span><\/em><\/p>\n\n\n\n<p class=\"wp-block-paragraph\" id=\"block-5d053f4a-d140-4ea3-9d87-75cb18399612\"><strong>Joseph Bovet (1879 &#8211; 1951)<\/strong><br><span class=\"has-inline-color has-green-color\"><em>Le lutin du chalet des R\u00eabes<\/em><br><\/span><br><strong>Henri VIII (1509 &#8211; 1547)<\/strong><br><em><span class=\"has-inline-color has-green-color\">Pastime with good compagny<\/span><\/em><\/p>\n","protected":false},"excerpt":{"rendered":"<p>Dimanche 16 ao\u00fbt 2020Cours du Ch\u00e2teau de Bulle Programme Claudin de Sermisy (ca. 1490 &#8211; 1465)Vous perdez temps de me dire mal d\u2019elle(Po\u00e8me de Cl\u00e9ment Marot) Anonyme du XVIe si\u00e8clePavane Pierre Certon (ca. 1510 &#8211; 1572)La, la, la, je ne l\u2019ose dire Amanda McBroom (1947)The Rose Jean-Philippe Rameau (1683 &#8211; 1764)Hymne \u00e0 la nuit(Transcription Carol &hellip; <a href=\"https:\/\/www.choeurdemay.ch\/?page_id=693\" class=\"more-link\">Continuer la lecture de <span class=\"screen-reader-text\">2020 \u2013 Concert au Ch\u00e2teau de Bulle<\/span>  <span class=\"meta-nav\">&rarr;<\/span><\/a><\/p>\n","protected":false},"author":5,"featured_media":0,"parent":0,"menu_order":0,"comment_status":"closed","ping_status":"closed","template":"","meta":{"footnotes":""},"class_list":["post-693","page","type-page","status-publish","hentry"],"_links":{"self":[{"href":"https:\/\/www.choeurdemay.ch\/index.php?rest_route=\/wp\/v2\/pages\/693","targetHints":{"allow":["GET"]}}],"collection":[{"href":"https:\/\/www.choeurdemay.ch\/index.php?rest_route=\/wp\/v2\/pages"}],"about":[{"href":"https:\/\/www.choeurdemay.ch\/index.php?rest_route=\/wp\/v2\/types\/page"}],"author":[{"embeddable":true,"href":"https:\/\/www.choeurdemay.ch\/index.php?rest_route=\/wp\/v2\/users\/5"}],"replies":[{"embeddable":true,"href":"https:\/\/www.choeurdemay.ch\/index.php?rest_route=%2Fwp%2Fv2%2Fcomments&post=693"}],"version-history":[{"count":3,"href":"https:\/\/www.choeurdemay.ch\/index.php?rest_route=\/wp\/v2\/pages\/693\/revisions"}],"predecessor-version":[{"id":928,"href":"https:\/\/www.choeurdemay.ch\/index.php?rest_route=\/wp\/v2\/pages\/693\/revisions\/928"}],"wp:attachment":[{"href":"https:\/\/www.choeurdemay.ch\/index.php?rest_route=%2Fwp%2Fv2%2Fmedia&parent=693"}],"curies":[{"name":"wp","href":"https:\/\/api.w.org\/{rel}","templated":true}]}}

2020 – Concert au Château de Bulle

<figure class="wp-block-image" id="block-50c0e5cc-43c5-438a-aa9f-82a06a8ef963"><img decoding="async" src="https://www.choeurdemay.ch/wp-content/uploads/2021/02/117236807_3222115747876247_6844737725008574707_o-1.jpg" alt="L’attribut alt de cette image est vide, son nom de fichier est 117236807_3222115747876247_6844737725008574707_o-1.jpg."/></figure>



<h2 class="wp-block-heading" id="block-5504c71e-55d7-4d2b-8971-9bf2bb2d644a"><span class="has-inline-color has-medium-gray-color">Dimanche 16 août 2020<br>Cours du Château de Bulle</span></h2>



<h2 class="wp-block-heading" id="block-3ae3a400-5641-4d7a-a9d0-39389b7dad9d">Programme</h2>



<p class="wp-block-paragraph" id="block-669f6d06-2431-4253-b84a-10f39de90b02"><strong>Claudin de Sermisy (ca. 1490 &#8211; 1465)</strong><br><em><span class="has-inline-color has-green-color">Vous perdez temps de me dire mal d’elle</span></em><br>(Poème de Clément Marot)<br><br><strong>Anonyme du XVI<sup>e</sup> siècle</strong><br><em><span class="has-inline-color has-green-color">Pavane</span></em></p>



<p class="wp-block-paragraph" id="block-6ef637a1-1ecd-494b-898c-e1ab7c095979"><strong>Pierre Certon (ca. 1510 &#8211; 1572)</strong><br><em><span class="has-inline-color has-green-color">La, la, la, je ne l’ose dire</span></em></p>



<p class="wp-block-paragraph" id="block-d1f92fe3-d886-4cd5-9e5d-b403c57e3882"><strong>Amanda McBroom (1947)</strong><br><em><span class="has-inline-color has-green-color">The Rose</span></em></p>



<p class="wp-block-paragraph" id="block-c7fbecc0-e0fe-4ae3-9195-53aa55c03a4d"><strong>Jean-Philippe Rameau (1683 &#8211; 1764)</strong><br><em><span class="has-inline-color has-green-color">Hymne à la nuit</span></em><br>(Transcription Carol Boller 1896 &#8211; 1952)</p>



<p class="wp-block-paragraph" id="block-71d95e7d-30f8-4a73-b4fa-72495afd9e95"><strong>Joseph Bovet (1879 &#8211; 1951)</strong><br><em><span class="has-inline-color has-green-color">La prière du pâtre</span></em></p>



<p class="wp-block-paragraph" id="block-e22f794b-6acd-4f13-a1b2-e8439a70cd7a"><strong>Joseph Bovet (1879 &#8211; 1951)</strong><br><em><span class="has-inline-color has-green-color">La fanfare du printemps</span></em></p>



<p class="wp-block-paragraph" id="block-499af8f0-5972-41a4-b7fe-24cbfdb2028f"><strong>Joseph Bovet (1879 &#8211; 1951)</strong><br><em><span class="has-inline-color has-green-color">Le baiser de ma mère</span></em></p>



<p class="wp-block-paragraph" id="block-50994348-ef65-4df3-91a2-e50aeaa7db6c"><strong>Joseph Bovet (1879 &#8211; 1951)</strong><br><em><span class="has-inline-color has-green-color">Nouthra Dona di Maortsè</span></em></p>



<p class="wp-block-paragraph" id="block-5d053f4a-d140-4ea3-9d87-75cb18399612"><strong>Joseph Bovet (1879 &#8211; 1951)</strong><br><span class="has-inline-color has-green-color"><em>Le lutin du chalet des Rêbes</em><br></span><br><strong>Henri VIII (1509 &#8211; 1547)</strong><br><em><span class="has-inline-color has-green-color">Pastime with good compagny</span></em></p>

<p>Dimanche 16 août 2020Cours du Château de Bulle Programme Claudin de Sermisy (ca. 1490 &#8211; 1465)Vous perdez temps de me dire mal d’elle(Poème de Clément Marot) Anonyme du XVIe sièclePavane Pierre Certon (ca. 1510 &#8211; 1572)La, la, la, je ne l’ose dire Amanda McBroom (1947)The Rose Jean-Philippe Rameau (1683 &#8211; 1764)Hymne à la nuit(Transcription Carol &hellip; <a href="https://www.choeurdemay.ch/?page_id=693" class="more-link">Continuer la lecture de <span class="screen-reader-text">2020 – Concert au Château de Bulle</span>  <span class="meta-nav">&rarr;</span></a></p>
