{"id":495,"date":"2018-04-09T20:11:28","date_gmt":"2018-04-09T18:11:28","guid":{"rendered":"http:\/\/www.choeurdemay.ch\/?page_id=495"},"modified":"2018-04-09T21:15:47","modified_gmt":"2018-04-09T19:15:47","slug":"2015-buxtehude-vissoie-concert-de-noel","status":"publish","type":"page","link":"https:\/\/www.choeurdemay.ch\/?page_id=495","title":{"rendered":"2015 &#8211; Buxtehude | Vissoie |\u00a0Concert de No\u00ebl"},"content":{"rendered":"<p>Pour le dixi\u00e8me concert du Vendredi Saint,\u00a0 Nicolas Wyssmueller et le Choeur de May pr\u00e9sentent une oeuvre majeure de la p\u00e9riode baroque : les <em>Membra Jesu Nostri<\/em> de Dietrich Buxtehude, avec le Capriccio BarockOrchesterd de B\u00e2le et les solistes Corinne Vallat, Jacques Beaud, Tristan Blanchet et Fabrice Hayoz.<\/p>\n<p><img loading=\"lazy\" decoding=\"async\" class=\"aligncenter size-large wp-image-496\" src=\"https:\/\/www.choeurdemay.ch\/wp-content\/uploads\/2018\/04\/13418595_10154229265467505_1686577210986130460_o-724x1024.jpg\" alt=\"\" width=\"474\" height=\"670\" srcset=\"https:\/\/www.choeurdemay.ch\/wp-content\/uploads\/2018\/04\/13418595_10154229265467505_1686577210986130460_o-724x1024.jpg 724w, https:\/\/www.choeurdemay.ch\/wp-content\/uploads\/2018\/04\/13418595_10154229265467505_1686577210986130460_o-212x300.jpg 212w, https:\/\/www.choeurdemay.ch\/wp-content\/uploads\/2018\/04\/13418595_10154229265467505_1686577210986130460_o.jpg 788w\" sizes=\"auto, (max-width: 474px) 100vw, 474px\" \/><\/p>\n<p>Le Choeur de May retourne en Valais et donne un concert floril\u00e8ge de son r\u00e9pertoire en l&rsquo;\u00e9glise de Vissoie.<\/p>\n<p><img loading=\"lazy\" decoding=\"async\" class=\"aligncenter size-large wp-image-497\" src=\"https:\/\/www.choeurdemay.ch\/wp-content\/uploads\/2018\/04\/13411863_10154229265557505_4076622466886463048_o-724x1024.jpg\" alt=\"\" width=\"474\" height=\"670\" srcset=\"https:\/\/www.choeurdemay.ch\/wp-content\/uploads\/2018\/04\/13411863_10154229265557505_4076622466886463048_o-724x1024.jpg 724w, https:\/\/www.choeurdemay.ch\/wp-content\/uploads\/2018\/04\/13411863_10154229265557505_4076622466886463048_o-212x300.jpg 212w, https:\/\/www.choeurdemay.ch\/wp-content\/uploads\/2018\/04\/13411863_10154229265557505_4076622466886463048_o.jpg 1200w\" sizes=\"auto, (max-width: 474px) 100vw, 474px\" \/><\/p>\n<p>En d\u00e9cembre, le Choeur de May participe \u00e0 nouveau avec le Choeur de Armaillis de la Gruy\u00e8re \u00e0 un concert de No\u00ebl, \u00e0 La Tour-de-Tr\u00eame.<\/p>\n<p><img loading=\"lazy\" decoding=\"async\" class=\"aligncenter size-large wp-image-498\" src=\"https:\/\/www.choeurdemay.ch\/wp-content\/uploads\/2018\/04\/12362900_924165781004600_5749525077619960833_o-724x1024.jpg\" alt=\"\" width=\"474\" height=\"670\" srcset=\"https:\/\/www.choeurdemay.ch\/wp-content\/uploads\/2018\/04\/12362900_924165781004600_5749525077619960833_o-724x1024.jpg 724w, https:\/\/www.choeurdemay.ch\/wp-content\/uploads\/2018\/04\/12362900_924165781004600_5749525077619960833_o-212x300.jpg 212w, https:\/\/www.choeurdemay.ch\/wp-content\/uploads\/2018\/04\/12362900_924165781004600_5749525077619960833_o.jpg 900w\" sizes=\"auto, (max-width: 474px) 100vw, 474px\" \/><\/p>\n<p><a href=\"https:\/\/www.choeurdemay.ch\/?page_id=391\">VERS 2016 -&gt;<br \/>\n<\/a><a href=\"https:\/\/www.choeurdemay.ch\/?page_id=479\">&lt;- VERS 2014<\/a><\/p>\n","protected":false},"excerpt":{"rendered":"<p>Pour le dixi\u00e8me concert du Vendredi Saint,\u00a0 Nicolas Wyssmueller et le Choeur de May pr\u00e9sentent une oeuvre majeure de la p\u00e9riode baroque : les Membra Jesu Nostri de Dietrich Buxtehude, avec le Capriccio BarockOrchesterd de B\u00e2le et les solistes Corinne Vallat, Jacques Beaud, Tristan Blanchet et Fabrice Hayoz. Le Choeur de May retourne en Valais &hellip; <a href=\"https:\/\/www.choeurdemay.ch\/?page_id=495\" class=\"more-link\">Continuer la lecture de <span class=\"screen-reader-text\">2015 &#8211; Buxtehude | Vissoie |\u00a0Concert de No\u00ebl<\/span>  <span class=\"meta-nav\">&rarr;<\/span><\/a><\/p>\n","protected":false},"author":5,"featured_media":0,"parent":0,"menu_order":0,"comment_status":"closed","ping_status":"closed","template":"","meta":{"footnotes":""},"class_list":["post-495","page","type-page","status-publish","hentry"],"_links":{"self":[{"href":"https:\/\/www.choeurdemay.ch\/index.php?rest_route=\/wp\/v2\/pages\/495","targetHints":{"allow":["GET"]}}],"collection":[{"href":"https:\/\/www.choeurdemay.ch\/index.php?rest_route=\/wp\/v2\/pages"}],"about":[{"href":"https:\/\/www.choeurdemay.ch\/index.php?rest_route=\/wp\/v2\/types\/page"}],"author":[{"embeddable":true,"href":"https:\/\/www.choeurdemay.ch\/index.php?rest_route=\/wp\/v2\/users\/5"}],"replies":[{"embeddable":true,"href":"https:\/\/www.choeurdemay.ch\/index.php?rest_route=%2Fwp%2Fv2%2Fcomments&post=495"}],"version-history":[{"count":4,"href":"https:\/\/www.choeurdemay.ch\/index.php?rest_route=\/wp\/v2\/pages\/495\/revisions"}],"predecessor-version":[{"id":534,"href":"https:\/\/www.choeurdemay.ch\/index.php?rest_route=\/wp\/v2\/pages\/495\/revisions\/534"}],"wp:attachment":[{"href":"https:\/\/www.choeurdemay.ch\/index.php?rest_route=%2Fwp%2Fv2%2Fmedia&parent=495"}],"curies":[{"name":"wp","href":"https:\/\/api.w.org\/{rel}","templated":true}]}}

2015 &#8211; Buxtehude | Vissoie | Concert de Noël

<p>Pour le dixième concert du Vendredi Saint,  Nicolas Wyssmueller et le Choeur de May présentent une oeuvre majeure de la période baroque : les <em>Membra Jesu Nostri</em> de Dietrich Buxtehude, avec le Capriccio BarockOrchesterd de Bâle et les solistes Corinne Vallat, Jacques Beaud, Tristan Blanchet et Fabrice Hayoz.</p>
<p><img loading="lazy" decoding="async" class="aligncenter size-large wp-image-496" src="https://www.choeurdemay.ch/wp-content/uploads/2018/04/13418595_10154229265467505_1686577210986130460_o-724x1024.jpg" alt="" width="474" height="670" srcset="https://www.choeurdemay.ch/wp-content/uploads/2018/04/13418595_10154229265467505_1686577210986130460_o-724x1024.jpg 724w, https://www.choeurdemay.ch/wp-content/uploads/2018/04/13418595_10154229265467505_1686577210986130460_o-212x300.jpg 212w, https://www.choeurdemay.ch/wp-content/uploads/2018/04/13418595_10154229265467505_1686577210986130460_o.jpg 788w" sizes="auto, (max-width: 474px) 100vw, 474px" /></p>
<p>Le Choeur de May retourne en Valais et donne un concert florilège de son répertoire en l&rsquo;église de Vissoie.</p>
<p><img loading="lazy" decoding="async" class="aligncenter size-large wp-image-497" src="https://www.choeurdemay.ch/wp-content/uploads/2018/04/13411863_10154229265557505_4076622466886463048_o-724x1024.jpg" alt="" width="474" height="670" srcset="https://www.choeurdemay.ch/wp-content/uploads/2018/04/13411863_10154229265557505_4076622466886463048_o-724x1024.jpg 724w, https://www.choeurdemay.ch/wp-content/uploads/2018/04/13411863_10154229265557505_4076622466886463048_o-212x300.jpg 212w, https://www.choeurdemay.ch/wp-content/uploads/2018/04/13411863_10154229265557505_4076622466886463048_o.jpg 1200w" sizes="auto, (max-width: 474px) 100vw, 474px" /></p>
<p>En décembre, le Choeur de May participe à nouveau avec le Choeur de Armaillis de la Gruyère à un concert de Noël, à La Tour-de-Trême.</p>
<p><img loading="lazy" decoding="async" class="aligncenter size-large wp-image-498" src="https://www.choeurdemay.ch/wp-content/uploads/2018/04/12362900_924165781004600_5749525077619960833_o-724x1024.jpg" alt="" width="474" height="670" srcset="https://www.choeurdemay.ch/wp-content/uploads/2018/04/12362900_924165781004600_5749525077619960833_o-724x1024.jpg 724w, https://www.choeurdemay.ch/wp-content/uploads/2018/04/12362900_924165781004600_5749525077619960833_o-212x300.jpg 212w, https://www.choeurdemay.ch/wp-content/uploads/2018/04/12362900_924165781004600_5749525077619960833_o.jpg 900w" sizes="auto, (max-width: 474px) 100vw, 474px" /></p>
<p><a href="https://www.choeurdemay.ch/?page_id=391">VERS 2016 -&gt;<br />
</a><a href="https://www.choeurdemay.ch/?page_id=479">&lt;- VERS 2014</a></p>

<p>Pour le dixième concert du Vendredi Saint,  Nicolas Wyssmueller et le Choeur de May présentent une oeuvre majeure de la période baroque : les Membra Jesu Nostri de Dietrich Buxtehude, avec le Capriccio BarockOrchesterd de Bâle et les solistes Corinne Vallat, Jacques Beaud, Tristan Blanchet et Fabrice Hayoz. Le Choeur de May retourne en Valais &hellip; <a href="https://www.choeurdemay.ch/?page_id=495" class="more-link">Continuer la lecture de <span class="screen-reader-text">2015 &#8211; Buxtehude | Vissoie | Concert de Noël</span>  <span class="meta-nav">&rarr;</span></a></p>
