{"id":48,"date":"2016-04-03T22:12:39","date_gmt":"2016-04-03T20:12:39","guid":{"rendered":"http:\/\/choeurdemay.ch\/wordpress\/?page_id=48"},"modified":"2022-08-10T14:08:45","modified_gmt":"2022-08-10T12:08:45","slug":"directeur","status":"publish","type":"page","link":"https:\/\/www.choeurdemay.ch\/?page_id=48","title":{"rendered":"Le directeur"},"content":{"rendered":"<p><img loading=\"lazy\" decoding=\"async\" class=\"alignnone size-large wp-image-227\" src=\"https:\/\/www.choeurdemay.ch\/wp-content\/uploads\/2016\/04\/Choeur-de-may-87\u00a9Juan-Vergara.-1-1024x859.jpg\" alt=\"\" width=\"474\" height=\"398\" srcset=\"https:\/\/www.choeurdemay.ch\/wp-content\/uploads\/2016\/04\/Choeur-de-may-87\u00a9Juan-Vergara.-1-1024x859.jpg 1024w, https:\/\/www.choeurdemay.ch\/wp-content\/uploads\/2016\/04\/Choeur-de-may-87\u00a9Juan-Vergara.-1-300x252.jpg 300w\" sizes=\"auto, (max-width: 474px) 100vw, 474px\" \/><\/p>\n<p>N\u00e9 \u00e0 Bulle en 1976, Nicolas Wyssmueller a chant\u00e9 durant de nombreuses ann\u00e9es \u00e0 la Ma\u00eetrise de Saint-Pierre-aux-Liens o\u00f9 il acquiert une premi\u00e8re formation chorale et la pratique du plain-chant gr\u00e2ce \u00e0 Roger Karth, aupr\u00e8s duquel il se perfectionne, ainsi qu\u2019\u00e0 l\u2019abbaye de Solesmes. Apr\u00e8s l\u2019obtention d\u2019un certificat de saxophone et d\u2019un dipl\u00f4me de direction d\u2019ensembles \u00e0 vent, il se tourne particuli\u00e8rement vers l\u2019art choral.<\/p>\n<p><img loading=\"lazy\" decoding=\"async\" class=\"alignnone size-large wp-image-228\" src=\"https:\/\/www.choeurdemay.ch\/wp-content\/uploads\/2016\/04\/Choeur-de-may-82\u00a9Juan-Vergara.-729x1024.jpg\" alt=\"\" width=\"474\" height=\"666\" srcset=\"https:\/\/www.choeurdemay.ch\/wp-content\/uploads\/2016\/04\/Choeur-de-may-82\u00a9Juan-Vergara.-729x1024.jpg 729w, https:\/\/www.choeurdemay.ch\/wp-content\/uploads\/2016\/04\/Choeur-de-may-82\u00a9Juan-Vergara.-214x300.jpg 214w\" sizes=\"auto, (max-width: 474px) 100vw, 474px\" \/><\/p>\n<p style=\"text-align: center;\">Photos :&nbsp; Juan Vergara<\/p>\n<p>Il suit des cours de chant aupr\u00e8s de Nicolas Pernet puis de Marie-Fran\u00e7oise Schuwey avec qui il obtient son certificat non professionnel de chant. Depuis 2006, il est membre de l&rsquo;Ensemble Vocal de Lausanne, sous la direction de Michel Corboz et Daniel Reuss. Il participe \u00e9galement aux projets de l\u2019Ensemble Vocal Orlando, sous la direction de Laurent Gendre. En 2014, il a particip\u00e9 \u00e0 un projet avec la Z\u00fcrcher Sing Akademie, sous la direction de Sir Roger Norrington.<\/p>\n<p>Il a dirig\u00e9 entre 1995 et 2016 la C\u00e9cilienne de La Tour-de-Tr\u00eame, avec laquelle il a eu l&rsquo;occasion d&rsquo;aborder de nombreuses \u0153uvres, notamment avec orchestre. Il a \u00e9t\u00e9 le pr\u00e9parateur des ch\u0153urs des <em>Carmina Burana<\/em> de Carl Orff donn\u00e9s \u00e0 la salle CO2 en mars 2009 avec le Corps de Musique de la Ville de Bulle. C\u2019est en mai 1998 qu\u2019il a fond\u00e9 le Ch\u0153ur de May, ensemble gru\u00e9rien de vingt chanteurs.<\/p>\n<p>Titulaire d&rsquo;une licence en sciences \u00e9conomiques, il enseigne l\u2019\u00e9conomie au Coll\u00e8ge du Sud \u00e0 Bulle et \u00e0 la Haute Ecole de Gestion \u00e0 Fribourg, propose des chroniques \u00e9conomiques sur les ondes de Radio-Fribourg et est depuis avril 2016 membre du Conseil Communal de Bulle.<\/p>\n<p>&nbsp;<\/p>\n","protected":false},"excerpt":{"rendered":"<p>N\u00e9 \u00e0 Bulle en 1976, Nicolas Wyssmueller a chant\u00e9 durant de nombreuses ann\u00e9es \u00e0 la Ma\u00eetrise de Saint-Pierre-aux-Liens o\u00f9 il acquiert une premi\u00e8re formation chorale et la pratique du plain-chant gr\u00e2ce \u00e0 Roger Karth, aupr\u00e8s duquel il se perfectionne, ainsi qu\u2019\u00e0 l\u2019abbaye de Solesmes. Apr\u00e8s l\u2019obtention d\u2019un certificat de saxophone et d\u2019un dipl\u00f4me de direction &hellip; <a href=\"https:\/\/www.choeurdemay.ch\/?page_id=48\" class=\"more-link\">Continuer la lecture de <span class=\"screen-reader-text\">Le directeur<\/span>  <span class=\"meta-nav\">&rarr;<\/span><\/a><\/p>\n","protected":false},"author":2,"featured_media":0,"parent":0,"menu_order":0,"comment_status":"closed","ping_status":"closed","template":"","meta":{"footnotes":""},"class_list":["post-48","page","type-page","status-publish","hentry"],"_links":{"self":[{"href":"https:\/\/www.choeurdemay.ch\/index.php?rest_route=\/wp\/v2\/pages\/48","targetHints":{"allow":["GET"]}}],"collection":[{"href":"https:\/\/www.choeurdemay.ch\/index.php?rest_route=\/wp\/v2\/pages"}],"about":[{"href":"https:\/\/www.choeurdemay.ch\/index.php?rest_route=\/wp\/v2\/types\/page"}],"author":[{"embeddable":true,"href":"https:\/\/www.choeurdemay.ch\/index.php?rest_route=\/wp\/v2\/users\/2"}],"replies":[{"embeddable":true,"href":"https:\/\/www.choeurdemay.ch\/index.php?rest_route=%2Fwp%2Fv2%2Fcomments&post=48"}],"version-history":[{"count":7,"href":"https:\/\/www.choeurdemay.ch\/index.php?rest_route=\/wp\/v2\/pages\/48\/revisions"}],"predecessor-version":[{"id":1465,"href":"https:\/\/www.choeurdemay.ch\/index.php?rest_route=\/wp\/v2\/pages\/48\/revisions\/1465"}],"wp:attachment":[{"href":"https:\/\/www.choeurdemay.ch\/index.php?rest_route=%2Fwp%2Fv2%2Fmedia&parent=48"}],"curies":[{"name":"wp","href":"https:\/\/api.w.org\/{rel}","templated":true}]}}

<p><img loading="lazy" decoding="async" class="alignnone size-large wp-image-227" src="https://www.choeurdemay.ch/wp-content/uploads/2016/04/Choeur-de-may-87©Juan-Vergara.-1-1024x859.jpg" alt="" width="474" height="398" srcset="https://www.choeurdemay.ch/wp-content/uploads/2016/04/Choeur-de-may-87©Juan-Vergara.-1-1024x859.jpg 1024w, https://www.choeurdemay.ch/wp-content/uploads/2016/04/Choeur-de-may-87©Juan-Vergara.-1-300x252.jpg 300w" sizes="auto, (max-width: 474px) 100vw, 474px" /></p>
<p>Né à Bulle en 1976, Nicolas Wyssmueller a chanté durant de nombreuses années à la Maîtrise de Saint-Pierre-aux-Liens où il acquiert une première formation chorale et la pratique du plain-chant grâce à Roger Karth, auprès duquel il se perfectionne, ainsi qu’à l’abbaye de Solesmes. Après l’obtention d’un certificat de saxophone et d’un diplôme de direction d’ensembles à vent, il se tourne particulièrement vers l’art choral.</p>
<p><img loading="lazy" decoding="async" class="alignnone size-large wp-image-228" src="https://www.choeurdemay.ch/wp-content/uploads/2016/04/Choeur-de-may-82©Juan-Vergara.-729x1024.jpg" alt="" width="474" height="666" srcset="https://www.choeurdemay.ch/wp-content/uploads/2016/04/Choeur-de-may-82©Juan-Vergara.-729x1024.jpg 729w, https://www.choeurdemay.ch/wp-content/uploads/2016/04/Choeur-de-may-82©Juan-Vergara.-214x300.jpg 214w" sizes="auto, (max-width: 474px) 100vw, 474px" /></p>
<p style="text-align: center;">Photos :&nbsp; Juan Vergara</p>
<p>Il suit des cours de chant auprès de Nicolas Pernet puis de Marie-Françoise Schuwey avec qui il obtient son certificat non professionnel de chant. Depuis 2006, il est membre de l&rsquo;Ensemble Vocal de Lausanne, sous la direction de Michel Corboz et Daniel Reuss. Il participe également aux projets de l’Ensemble Vocal Orlando, sous la direction de Laurent Gendre. En 2014, il a participé à un projet avec la Zürcher Sing Akademie, sous la direction de Sir Roger Norrington.</p>
<p>Il a dirigé entre 1995 et 2016 la Cécilienne de La Tour-de-Trême, avec laquelle il a eu l&rsquo;occasion d&rsquo;aborder de nombreuses œuvres, notamment avec orchestre. Il a été le préparateur des chœurs des <em>Carmina Burana</em> de Carl Orff donnés à la salle CO2 en mars 2009 avec le Corps de Musique de la Ville de Bulle. C’est en mai 1998 qu’il a fondé le Chœur de May, ensemble gruérien de vingt chanteurs.</p>
<p>Titulaire d&rsquo;une licence en sciences économiques, il enseigne l’économie au Collège du Sud à Bulle et à la Haute Ecole de Gestion à Fribourg, propose des chroniques économiques sur les ondes de Radio-Fribourg et est depuis avril 2016 membre du Conseil Communal de Bulle.</p>
<p>&nbsp;</p>

<p>Né à Bulle en 1976, Nicolas Wyssmueller a chanté durant de nombreuses années à la Maîtrise de Saint-Pierre-aux-Liens où il acquiert une première formation chorale et la pratique du plain-chant grâce à Roger Karth, auprès duquel il se perfectionne, ainsi qu’à l’abbaye de Solesmes. Après l’obtention d’un certificat de saxophone et d’un diplôme de direction &hellip; <a href="https://www.choeurdemay.ch/?page_id=48" class="more-link">Continuer la lecture de <span class="screen-reader-text">Le directeur</span>  <span class="meta-nav">&rarr;</span></a></p>
