{"id":479,"date":"2018-04-09T19:38:31","date_gmt":"2018-04-09T17:38:31","guid":{"rendered":"http:\/\/www.choeurdemay.ch\/?page_id=479"},"modified":"2018-04-09T21:17:19","modified_gmt":"2018-04-09T19:17:19","slug":"2014-schutz-et-purcell-festival-altitudes","status":"publish","type":"page","link":"https:\/\/www.choeurdemay.ch\/?page_id=479","title":{"rendered":"2014 &#8211; Sch\u00fctz et Purcell | Festival Altitudes"},"content":{"rendered":"<p><a href=\"https:\/\/www.choeurdemay.ch\/wp-content\/uploads\/2016\/04\/VSaint2014.jpg\"><img loading=\"lazy\" decoding=\"async\" class=\"alignnone size-large wp-image-332\" src=\"https:\/\/www.choeurdemay.ch\/wp-content\/uploads\/2016\/04\/VSaint2014-724x1024.jpg\" alt=\"VSaint2014\" width=\"474\" height=\"670\" \/><\/a><\/p>\n<p>Pour la neuvi\u00e8me \u00e9dition du concert du Vendredi Saint, le quatuor de cuivre Nov&rsquo;Ars et un octuor de solistes s&rsquo;associent au Choeur de May pour quatre <em>Psaumes de David<\/em> d&rsquo;Heinrich Sch\u00fctz et pour la <em>Musique pour les fun\u00e9railles de la Reine Mary<\/em> d&rsquo;Henry Purcell.<\/p>\n<p>En mai, le Choeur de May propose, \u00e0 l&rsquo;ancienne chartreuse de la Part-Dieu, une m\u00e9ditation musicale autour du <em>Retable du P\u00e8re Joseph<\/em> de Jacques Cesa, d\u00e9voil\u00e9 \u00e9galement dans le cadre du festival \u00ab\u00a0Altitudes\u00a0\u00bb dans lequel s&rsquo;inscrit ce concert. Des oeuvres de J.G. Rheinberger, C. Gounod, F. Mendelssohn, T.L. de Victoria, F. Poulenc, M. Durufl\u00e9, O. Gjeilo et A. P\u00e4rt et de chant gr\u00e9gorien dialoguent avec des po\u00e8mes de Pierre Emmanuel lus par la com\u00e9dienne C\u00e9line Cesa.<\/p>\n<p>Ce m\u00eame programme, avec cette fois des lectures de Am\u00e9lie Ch\u00e9rubin Soulieres, fut pr\u00e9sent\u00e9 en novembre \u00e0 l&rsquo;\u00e9glise de Marly.<\/p>\n<p><img loading=\"lazy\" decoding=\"async\" class=\"aligncenter size-large wp-image-492\" src=\"https:\/\/www.choeurdemay.ch\/wp-content\/uploads\/2018\/04\/13346277_10154229324727505_8931530704723692636_o-724x1024.jpg\" alt=\"\" width=\"474\" height=\"670\" srcset=\"https:\/\/www.choeurdemay.ch\/wp-content\/uploads\/2018\/04\/13346277_10154229324727505_8931530704723692636_o-724x1024.jpg 724w, https:\/\/www.choeurdemay.ch\/wp-content\/uploads\/2018\/04\/13346277_10154229324727505_8931530704723692636_o-212x300.jpg 212w, https:\/\/www.choeurdemay.ch\/wp-content\/uploads\/2018\/04\/13346277_10154229324727505_8931530704723692636_o.jpg 750w\" sizes=\"auto, (max-width: 474px) 100vw, 474px\" \/><\/p>\n<p>Enfin, en d\u00e9cembre, \u00e0 l&rsquo;\u00e9glise de Bulle, le Choeur de May fut invit\u00e9 par le Choeur des Armaillis de la Gruy\u00e8re pour un concert de No\u00ebl.<\/p>\n<p><img loading=\"lazy\" decoding=\"async\" class=\"aligncenter size-large wp-image-493\" src=\"https:\/\/www.choeurdemay.ch\/wp-content\/uploads\/2018\/04\/13416811_10154229265682505_1388994015088676699_o-724x1024.jpg\" alt=\"\" width=\"474\" height=\"670\" srcset=\"https:\/\/www.choeurdemay.ch\/wp-content\/uploads\/2018\/04\/13416811_10154229265682505_1388994015088676699_o-724x1024.jpg 724w, https:\/\/www.choeurdemay.ch\/wp-content\/uploads\/2018\/04\/13416811_10154229265682505_1388994015088676699_o-212x300.jpg 212w, https:\/\/www.choeurdemay.ch\/wp-content\/uploads\/2018\/04\/13416811_10154229265682505_1388994015088676699_o.jpg 800w\" sizes=\"auto, (max-width: 474px) 100vw, 474px\" \/><\/p>\n<p><a href=\"https:\/\/www.choeurdemay.ch\/?page_id=495\">VERS 2015 -&gt;<\/a><br \/>\n<a href=\"https:\/\/www.choeurdemay.ch\/?page_id=476\">&lt;- VERS 2013<\/a><\/p>\n","protected":false},"excerpt":{"rendered":"<p>Pour la neuvi\u00e8me \u00e9dition du concert du Vendredi Saint, le quatuor de cuivre Nov&rsquo;Ars et un octuor de solistes s&rsquo;associent au Choeur de May pour quatre Psaumes de David d&rsquo;Heinrich Sch\u00fctz et pour la Musique pour les fun\u00e9railles de la Reine Mary d&rsquo;Henry Purcell. En mai, le Choeur de May propose, \u00e0 l&rsquo;ancienne chartreuse de &hellip; <a href=\"https:\/\/www.choeurdemay.ch\/?page_id=479\" class=\"more-link\">Continuer la lecture de <span class=\"screen-reader-text\">2014 &#8211; Sch\u00fctz et Purcell | Festival Altitudes<\/span>  <span class=\"meta-nav\">&rarr;<\/span><\/a><\/p>\n","protected":false},"author":5,"featured_media":0,"parent":0,"menu_order":0,"comment_status":"closed","ping_status":"closed","template":"","meta":{"footnotes":""},"class_list":["post-479","page","type-page","status-publish","hentry"],"_links":{"self":[{"href":"https:\/\/www.choeurdemay.ch\/index.php?rest_route=\/wp\/v2\/pages\/479","targetHints":{"allow":["GET"]}}],"collection":[{"href":"https:\/\/www.choeurdemay.ch\/index.php?rest_route=\/wp\/v2\/pages"}],"about":[{"href":"https:\/\/www.choeurdemay.ch\/index.php?rest_route=\/wp\/v2\/types\/page"}],"author":[{"embeddable":true,"href":"https:\/\/www.choeurdemay.ch\/index.php?rest_route=\/wp\/v2\/users\/5"}],"replies":[{"embeddable":true,"href":"https:\/\/www.choeurdemay.ch\/index.php?rest_route=%2Fwp%2Fv2%2Fcomments&post=479"}],"version-history":[{"count":6,"href":"https:\/\/www.choeurdemay.ch\/index.php?rest_route=\/wp\/v2\/pages\/479\/revisions"}],"predecessor-version":[{"id":536,"href":"https:\/\/www.choeurdemay.ch\/index.php?rest_route=\/wp\/v2\/pages\/479\/revisions\/536"}],"wp:attachment":[{"href":"https:\/\/www.choeurdemay.ch\/index.php?rest_route=%2Fwp%2Fv2%2Fmedia&parent=479"}],"curies":[{"name":"wp","href":"https:\/\/api.w.org\/{rel}","templated":true}]}}

2014 &#8211; Schütz et Purcell | Festival Altitudes

<p><a href="https://www.choeurdemay.ch/wp-content/uploads/2016/04/VSaint2014.jpg"><img loading="lazy" decoding="async" class="alignnone size-large wp-image-332" src="https://www.choeurdemay.ch/wp-content/uploads/2016/04/VSaint2014-724x1024.jpg" alt="VSaint2014" width="474" height="670" /></a></p>
<p>Pour la neuvième édition du concert du Vendredi Saint, le quatuor de cuivre Nov&rsquo;Ars et un octuor de solistes s&rsquo;associent au Choeur de May pour quatre <em>Psaumes de David</em> d&rsquo;Heinrich Schütz et pour la <em>Musique pour les funérailles de la Reine Mary</em> d&rsquo;Henry Purcell.</p>
<p>En mai, le Choeur de May propose, à l&rsquo;ancienne chartreuse de la Part-Dieu, une méditation musicale autour du <em>Retable du Père Joseph</em> de Jacques Cesa, dévoilé également dans le cadre du festival « Altitudes » dans lequel s&rsquo;inscrit ce concert. Des oeuvres de J.G. Rheinberger, C. Gounod, F. Mendelssohn, T.L. de Victoria, F. Poulenc, M. Duruflé, O. Gjeilo et A. Pärt et de chant grégorien dialoguent avec des poèmes de Pierre Emmanuel lus par la comédienne Céline Cesa.</p>
<p>Ce même programme, avec cette fois des lectures de Amélie Chérubin Soulieres, fut présenté en novembre à l&rsquo;église de Marly.</p>
<p><img loading="lazy" decoding="async" class="aligncenter size-large wp-image-492" src="https://www.choeurdemay.ch/wp-content/uploads/2018/04/13346277_10154229324727505_8931530704723692636_o-724x1024.jpg" alt="" width="474" height="670" srcset="https://www.choeurdemay.ch/wp-content/uploads/2018/04/13346277_10154229324727505_8931530704723692636_o-724x1024.jpg 724w, https://www.choeurdemay.ch/wp-content/uploads/2018/04/13346277_10154229324727505_8931530704723692636_o-212x300.jpg 212w, https://www.choeurdemay.ch/wp-content/uploads/2018/04/13346277_10154229324727505_8931530704723692636_o.jpg 750w" sizes="auto, (max-width: 474px) 100vw, 474px" /></p>
<p>Enfin, en décembre, à l&rsquo;église de Bulle, le Choeur de May fut invité par le Choeur des Armaillis de la Gruyère pour un concert de Noël.</p>
<p><img loading="lazy" decoding="async" class="aligncenter size-large wp-image-493" src="https://www.choeurdemay.ch/wp-content/uploads/2018/04/13416811_10154229265682505_1388994015088676699_o-724x1024.jpg" alt="" width="474" height="670" srcset="https://www.choeurdemay.ch/wp-content/uploads/2018/04/13416811_10154229265682505_1388994015088676699_o-724x1024.jpg 724w, https://www.choeurdemay.ch/wp-content/uploads/2018/04/13416811_10154229265682505_1388994015088676699_o-212x300.jpg 212w, https://www.choeurdemay.ch/wp-content/uploads/2018/04/13416811_10154229265682505_1388994015088676699_o.jpg 800w" sizes="auto, (max-width: 474px) 100vw, 474px" /></p>
<p><a href="https://www.choeurdemay.ch/?page_id=495">VERS 2015 -&gt;</a><br />
<a href="https://www.choeurdemay.ch/?page_id=476">&lt;- VERS 2013</a></p>

<p>Pour la neuvième édition du concert du Vendredi Saint, le quatuor de cuivre Nov&rsquo;Ars et un octuor de solistes s&rsquo;associent au Choeur de May pour quatre Psaumes de David d&rsquo;Heinrich Schütz et pour la Musique pour les funérailles de la Reine Mary d&rsquo;Henry Purcell. En mai, le Choeur de May propose, à l&rsquo;ancienne chartreuse de &hellip; <a href="https://www.choeurdemay.ch/?page_id=479" class="more-link">Continuer la lecture de <span class="screen-reader-text">2014 &#8211; Schütz et Purcell | Festival Altitudes</span>  <span class="meta-nav">&rarr;</span></a></p>
