{"id":473,"date":"2018-04-09T19:34:12","date_gmt":"2018-04-09T17:34:12","guid":{"rendered":"http:\/\/www.choeurdemay.ch\/?page_id=473"},"modified":"2018-04-09T21:20:59","modified_gmt":"2018-04-09T19:20:59","slug":"2012-requiem-de-cavalli-saint-pierre-de-clages-concert-de-noel","status":"publish","type":"page","link":"https:\/\/www.choeurdemay.ch\/?page_id=473","title":{"rendered":"2012 &#8211; Requiem de Cavalli | Saint Pierre-de-Clages | Concert de No\u00ebl"},"content":{"rendered":"<p>Pour la septi\u00e8me \u00e9dition du concert du Vendredi Saint, le 6 avril, le Choeur de May a d\u00e9cid\u00e9 de pr\u00e9senter un programme centr\u00e9 sur des pi\u00e8ces pour double ch\u0153ur, s\u2019adjoignant les services d\u2019un octuor de huit solistes professionnels. Ainsi, sous les vo\u00fbtes de l&rsquo;\u00e9glise Saint Th\u00e9odule de Gruy\u00e8res ont r\u00e9sonn\u00e9 le <em>Miserere<\/em> d&rsquo;Allegri, le motet I<em>ch lasse dich nicht\u00a0<\/em> de Johann Sebastian Bach et la <em>Missa pro defunctis<\/em> de Pier Francesco Cavalli.<\/p>\n<p><a href=\"https:\/\/www.choeurdemay.ch\/wp-content\/uploads\/2016\/04\/VSaint2012.jpg\"><img loading=\"lazy\" decoding=\"async\" class=\"alignnone size-large wp-image-340\" src=\"https:\/\/www.choeurdemay.ch\/wp-content\/uploads\/2016\/04\/VSaint2012-724x1024.jpg\" alt=\"VSaint2012\" width=\"474\" height=\"670\" \/><\/a><\/p>\n<p>Les 23 et 24 juin, le Choeur de May est invit\u00e9 par le choeur de Saint Pierre-de-Clages \u00e0 chanter dans sa sublime \u00e9glise romane, pour un concert et pour la patronale. Les chanteuses et chanteurs ont particuli\u00e8rement appr\u00e9ci\u00e9 l&rsquo;accueil chaleureux de la population valaisanne. Le Ch\u0153ur de May y pr\u00e9sente un floril\u00e8ge de son r\u00e9pertoire : un <em>Attende Domine<\/em> gr\u00e9gorien, des motets renaissants (Gombert) et des pi\u00e8ces contemporaines de l\u2019Estonien Arvo P\u00e4rt et du Norv\u00e9gien Egil Hovland, deux compositeurs qui s\u2019inspirent largement du plain chant pour \u00e9crire une musique limpide et d\u00e9pouill\u00e9e. Le Lichtensteinois Josef Gabriel Rheinberger et le Fran\u00e7ais Camille Saint-Saens apportent une touche romantique \u00e0 ce programme. Enfin, le Ch\u0153ur de May chante quelques pi\u00e8ces profanes d\u2019ici et d\u2019ailleurs : un air traditionnel espagnol, le fameux <em>Chant des oiseaux<\/em> de Cl\u00e9ment Janequin, ainsi que d\u2019autres pi\u00e8ces de la Renaissance, mais aussi des chants de Joseph Bovet, notre cher \u00ababb\u00e9 chantant\u00bb.<\/p>\n<p><a href=\"https:\/\/www.choeurdemay.ch\/wp-content\/uploads\/2016\/04\/AfficheVSpetite3.jpg\"><img loading=\"lazy\" decoding=\"async\" class=\"alignnone size-large wp-image-334\" src=\"https:\/\/www.choeurdemay.ch\/wp-content\/uploads\/2016\/04\/AfficheVSpetite3-724x1024.jpg\" alt=\"AfficheVSpetite3\" width=\"474\" height=\"670\" \/><\/a><\/p>\n<p>Le 1er ao\u00fbt, le Choeur de May, invit\u00e9 par les Riond\u00ean\u00e8, choeur-mixte profane de Broc, \u00e0 l&rsquo;occasion de son 75e anniversaire, chante la messe \u00e0 la chapelle des Marches puis se produit plusieurs fois durant la journ\u00e9e dans diff\u00e9rents lieux tout autour du sanctuaire et du chalet du Poyet.<\/p>\n<p><a href=\"https:\/\/www.choeurdemay.ch\/wp-content\/uploads\/2016\/04\/1erAout_BROC-1.jpg\"><img loading=\"lazy\" decoding=\"async\" class=\"alignnone size-full wp-image-337\" src=\"https:\/\/www.choeurdemay.ch\/wp-content\/uploads\/2016\/04\/1erAout_BROC-1.jpg\" alt=\"1erAout_BROC.indd\" width=\"800\" height=\"973\" \/><\/a><\/p>\n<p>Du 5 au 8 novembre, notre ensemble vocal s&rsquo;associait avec le choeur mixte L&rsquo;Esp\u00e9rance de Vuadens pour l&rsquo;enregistrement de pi\u00e8ces sacr\u00e9es de Fr\u00e9d\u00e9ric Rody.<\/p>\n<p><a href=\"https:\/\/www.choeurdemay.ch\/wp-content\/uploads\/2016\/04\/shapeimage_1.jpg\"><img loading=\"lazy\" decoding=\"async\" class=\"alignnone size-full wp-image-324\" src=\"https:\/\/www.choeurdemay.ch\/wp-content\/uploads\/2016\/04\/shapeimage_1.jpg\" alt=\"shapeimage_1\" width=\"350\" height=\"350\" \/><\/a><\/p>\n<p>Le 9 d\u00e9cembre, le Choeur de May eut le plaisir d&rsquo;animer le No\u00ebl des a\u00een\u00e9s de la commune de Le P\u00e2quier.<\/p>\n<p>Le 22 d\u00e9cembre, il se rendit \u00e0 l&rsquo;\u00e9glise des Cordeliers de Fribourg pour un concert de No\u00ebl en collaboration avec l&rsquo;Accroche-Choeur, dirig\u00e9 par Jean-Claude Fasel. Les deux ensembles chant\u00e8rent s\u00e9par\u00e9ment mais interpr\u00e8tent \u00e9galement des pi\u00e8ces en commun, tel le magnifique <em>Lux Aurumque<\/em> de l&rsquo;Am\u00e9ricain Eric Whitacre.<\/p>\n<p><a href=\"https:\/\/www.choeurdemay.ch\/wp-content\/uploads\/2016\/04\/noel2012.jpg\"><img loading=\"lazy\" decoding=\"async\" class=\"alignnone size-large wp-image-345\" src=\"https:\/\/www.choeurdemay.ch\/wp-content\/uploads\/2016\/04\/noel2012-724x1024.jpg\" alt=\"noel2012\" width=\"474\" height=\"670\" \/><\/a><\/p>\n<p><a href=\"https:\/\/www.choeurdemay.ch\/?page_id=476\">VERS 2013 -&gt;<\/a><br \/>\n<a href=\"https:\/\/www.choeurdemay.ch\/?page_id=470\">&lt;- VERS 2011<\/a><\/p>\n","protected":false},"excerpt":{"rendered":"<p>Pour la septi\u00e8me \u00e9dition du concert du Vendredi Saint, le 6 avril, le Choeur de May a d\u00e9cid\u00e9 de pr\u00e9senter un programme centr\u00e9 sur des pi\u00e8ces pour double ch\u0153ur, s\u2019adjoignant les services d\u2019un octuor de huit solistes professionnels. Ainsi, sous les vo\u00fbtes de l&rsquo;\u00e9glise Saint Th\u00e9odule de Gruy\u00e8res ont r\u00e9sonn\u00e9 le Miserere d&rsquo;Allegri, le motet &hellip; <a href=\"https:\/\/www.choeurdemay.ch\/?page_id=473\" class=\"more-link\">Continuer la lecture de <span class=\"screen-reader-text\">2012 &#8211; Requiem de Cavalli | Saint Pierre-de-Clages | Concert de No\u00ebl<\/span>  <span class=\"meta-nav\">&rarr;<\/span><\/a><\/p>\n","protected":false},"author":5,"featured_media":0,"parent":0,"menu_order":0,"comment_status":"closed","ping_status":"closed","template":"","meta":{"footnotes":""},"class_list":["post-473","page","type-page","status-publish","hentry"],"_links":{"self":[{"href":"https:\/\/www.choeurdemay.ch\/index.php?rest_route=\/wp\/v2\/pages\/473","targetHints":{"allow":["GET"]}}],"collection":[{"href":"https:\/\/www.choeurdemay.ch\/index.php?rest_route=\/wp\/v2\/pages"}],"about":[{"href":"https:\/\/www.choeurdemay.ch\/index.php?rest_route=\/wp\/v2\/types\/page"}],"author":[{"embeddable":true,"href":"https:\/\/www.choeurdemay.ch\/index.php?rest_route=\/wp\/v2\/users\/5"}],"replies":[{"embeddable":true,"href":"https:\/\/www.choeurdemay.ch\/index.php?rest_route=%2Fwp%2Fv2%2Fcomments&post=473"}],"version-history":[{"count":3,"href":"https:\/\/www.choeurdemay.ch\/index.php?rest_route=\/wp\/v2\/pages\/473\/revisions"}],"predecessor-version":[{"id":540,"href":"https:\/\/www.choeurdemay.ch\/index.php?rest_route=\/wp\/v2\/pages\/473\/revisions\/540"}],"wp:attachment":[{"href":"https:\/\/www.choeurdemay.ch\/index.php?rest_route=%2Fwp%2Fv2%2Fmedia&parent=473"}],"curies":[{"name":"wp","href":"https:\/\/api.w.org\/{rel}","templated":true}]}}

2012 &#8211; Requiem de Cavalli | Saint Pierre-de-Clages | Concert de Noël

<p>Pour la septième édition du concert du Vendredi Saint, le 6 avril, le Choeur de May a décidé de présenter un programme centré sur des pièces pour double chœur, s’adjoignant les services d’un octuor de huit solistes professionnels. Ainsi, sous les voûtes de l&rsquo;église Saint Théodule de Gruyères ont résonné le <em>Miserere</em> d&rsquo;Allegri, le motet I<em>ch lasse dich nicht </em> de Johann Sebastian Bach et la <em>Missa pro defunctis</em> de Pier Francesco Cavalli.</p>
<p><a href="https://www.choeurdemay.ch/wp-content/uploads/2016/04/VSaint2012.jpg"><img loading="lazy" decoding="async" class="alignnone size-large wp-image-340" src="https://www.choeurdemay.ch/wp-content/uploads/2016/04/VSaint2012-724x1024.jpg" alt="VSaint2012" width="474" height="670" /></a></p>
<p>Les 23 et 24 juin, le Choeur de May est invité par le choeur de Saint Pierre-de-Clages à chanter dans sa sublime église romane, pour un concert et pour la patronale. Les chanteuses et chanteurs ont particulièrement apprécié l&rsquo;accueil chaleureux de la population valaisanne. Le Chœur de May y présente un florilège de son répertoire : un <em>Attende Domine</em> grégorien, des motets renaissants (Gombert) et des pièces contemporaines de l’Estonien Arvo Pärt et du Norvégien Egil Hovland, deux compositeurs qui s’inspirent largement du plain chant pour écrire une musique limpide et dépouillée. Le Lichtensteinois Josef Gabriel Rheinberger et le Français Camille Saint-Saens apportent une touche romantique à ce programme. Enfin, le Chœur de May chante quelques pièces profanes d’ici et d’ailleurs : un air traditionnel espagnol, le fameux <em>Chant des oiseaux</em> de Clément Janequin, ainsi que d’autres pièces de la Renaissance, mais aussi des chants de Joseph Bovet, notre cher «abbé chantant».</p>
<p><a href="https://www.choeurdemay.ch/wp-content/uploads/2016/04/AfficheVSpetite3.jpg"><img loading="lazy" decoding="async" class="alignnone size-large wp-image-334" src="https://www.choeurdemay.ch/wp-content/uploads/2016/04/AfficheVSpetite3-724x1024.jpg" alt="AfficheVSpetite3" width="474" height="670" /></a></p>
<p>Le 1er août, le Choeur de May, invité par les Riondênè, choeur-mixte profane de Broc, à l&rsquo;occasion de son 75e anniversaire, chante la messe à la chapelle des Marches puis se produit plusieurs fois durant la journée dans différents lieux tout autour du sanctuaire et du chalet du Poyet.</p>
<p><a href="https://www.choeurdemay.ch/wp-content/uploads/2016/04/1erAout_BROC-1.jpg"><img loading="lazy" decoding="async" class="alignnone size-full wp-image-337" src="https://www.choeurdemay.ch/wp-content/uploads/2016/04/1erAout_BROC-1.jpg" alt="1erAout_BROC.indd" width="800" height="973" /></a></p>
<p>Du 5 au 8 novembre, notre ensemble vocal s&rsquo;associait avec le choeur mixte L&rsquo;Espérance de Vuadens pour l&rsquo;enregistrement de pièces sacrées de Frédéric Rody.</p>
<p><a href="https://www.choeurdemay.ch/wp-content/uploads/2016/04/shapeimage_1.jpg"><img loading="lazy" decoding="async" class="alignnone size-full wp-image-324" src="https://www.choeurdemay.ch/wp-content/uploads/2016/04/shapeimage_1.jpg" alt="shapeimage_1" width="350" height="350" /></a></p>
<p>Le 9 décembre, le Choeur de May eut le plaisir d&rsquo;animer le Noël des aînés de la commune de Le Pâquier.</p>
<p>Le 22 décembre, il se rendit à l&rsquo;église des Cordeliers de Fribourg pour un concert de Noël en collaboration avec l&rsquo;Accroche-Choeur, dirigé par Jean-Claude Fasel. Les deux ensembles chantèrent séparément mais interprètent également des pièces en commun, tel le magnifique <em>Lux Aurumque</em> de l&rsquo;Américain Eric Whitacre.</p>
<p><a href="https://www.choeurdemay.ch/wp-content/uploads/2016/04/noel2012.jpg"><img loading="lazy" decoding="async" class="alignnone size-large wp-image-345" src="https://www.choeurdemay.ch/wp-content/uploads/2016/04/noel2012-724x1024.jpg" alt="noel2012" width="474" height="670" /></a></p>
<p><a href="https://www.choeurdemay.ch/?page_id=476">VERS 2013 -&gt;</a><br />
<a href="https://www.choeurdemay.ch/?page_id=470">&lt;- VERS 2011</a></p>

<p>Pour la septième édition du concert du Vendredi Saint, le 6 avril, le Choeur de May a décidé de présenter un programme centré sur des pièces pour double chœur, s’adjoignant les services d’un octuor de huit solistes professionnels. Ainsi, sous les voûtes de l&rsquo;église Saint Théodule de Gruyères ont résonné le Miserere d&rsquo;Allegri, le motet &hellip; <a href="https://www.choeurdemay.ch/?page_id=473" class="more-link">Continuer la lecture de <span class="screen-reader-text">2012 &#8211; Requiem de Cavalli | Saint Pierre-de-Clages | Concert de Noël</span>  <span class="meta-nav">&rarr;</span></a></p>
