{"id":470,"date":"2018-04-09T19:30:45","date_gmt":"2018-04-09T17:30:45","guid":{"rendered":"http:\/\/www.choeurdemay.ch\/?page_id=470"},"modified":"2018-04-09T21:23:16","modified_gmt":"2018-04-09T19:23:16","slug":"2011-tenebrae-dans-la-paix-du-soir-saint-nicolas-concert-de-lavent","status":"publish","type":"page","link":"https:\/\/www.choeurdemay.ch\/?page_id=470","title":{"rendered":"2011 &#8211; Tenebrae | Dans la paix du soir | Saint Nicolas |\u00a0Concert de l&rsquo;Avent"},"content":{"rendered":"<p>Pour son sixi\u00e8me concert du Vendredi Saint, le 22 avril 2011, dans une \u00e9glise de Gruy\u00e8res bond\u00e9e, Nicolas Wyssmuller, sous le titre de \u00ab\u00a0Tenebrae\u00a0\u00bb, dirigeait le Choeur de May et un ensemble instrumental dans quelques <em>R\u00e9pons de T\u00e9n\u00e8bres<\/em> de Thomas Luis de Victoria, dans le<em> Stabat Mater pour des religieuses<\/em> de Marc-Antoine Charpentier, dans une cantate de Dietrich Buxtehude et dans les <em>Litanies de Lorette<\/em> de Claudio Monteverdi.<\/p>\n<p><a href=\"https:\/\/www.choeurdemay.ch\/wp-content\/uploads\/2016\/04\/tenebrae.jpg\"><img loading=\"lazy\" decoding=\"async\" class=\"alignnone size-full wp-image-330\" src=\"https:\/\/www.choeurdemay.ch\/wp-content\/uploads\/2016\/04\/tenebrae.jpg\" alt=\"tenebrae\" width=\"500\" height=\"707\" \/><\/a><\/p>\n<p>Ambiance plus intimiste le 11 juin \u00e0 23h pour la participation du Choeur de May \u00e0 la Nuit de La Pentec\u00f4te organis\u00e9e par la C\u00e9cilienne de La Tour-de-Tr\u00eame.<\/p>\n<p>Le 12 novembre \u00e0 la Cath\u00e9drale Saint Nicolas de Fribourg et le 13 novembre \u00e0 l&rsquo;\u00e9glise Saint Pierre-aux-Liens de Bulle, le Choeur de May, en collaboration avec le Choeur Arsis de Fribourg, dirig\u00e9 par Pierre-Fabien Roubaty, proposait, sous l&rsquo;intitul\u00e9 \u00ab\u00a0Dans la paix du soir\u00a0\u00bb, un programme aux couleurs automnales : un motet renaissant de Gombert, des madrigaux de Saint-Saens aux harmonies chamarr\u00e9es, des pi\u00e8ces sacr\u00e9es de Mendelssohn et Gounod ainsi que des \u0153uvres de l\u2019Anglais John Tavener et de l\u2019Estonien Arvo P\u00e4rt, qui ont eu un parcours musical semblable: apr\u00e8s \u00eatre pass\u00e9 par une p\u00e9riode de complexit\u00e9, tous deux sont revenus \u00e0 une musique simple, limpide, d\u00e9pouill\u00e9e, un \u00abjardin zen mis en musique\u00bb\u2026<\/p>\n<p><a href=\"https:\/\/www.choeurdemay.ch\/wp-content\/uploads\/2016\/04\/Affiche-novembre-version-9-petit.jpg\"><img loading=\"lazy\" decoding=\"async\" class=\"alignnone size-large wp-image-349\" src=\"https:\/\/www.choeurdemay.ch\/wp-content\/uploads\/2016\/04\/Affiche-novembre-version-9-petit-724x1024.jpg\" alt=\"Affiche novembre version 9 petit\" width=\"474\" height=\"670\" \/><\/a><\/p>\n<p>En d\u00e9cembre, le Choeur de May participa au rendez-vous musicaux de la Saint Nicolas \u00e0 Fribourg et aux concerts de No\u00ebl avec la fanfare de La Roche, \u00e0 La Roche et \u00e0 Rossens.<\/p>\n<p><a href=\"https:\/\/www.choeurdemay.ch\/wp-content\/uploads\/2016\/04\/Stnicolas.jpg\"><img loading=\"lazy\" decoding=\"async\" class=\"alignnone size-large wp-image-336\" src=\"https:\/\/www.choeurdemay.ch\/wp-content\/uploads\/2016\/04\/Stnicolas-975x1024.jpg\" alt=\"Stnicolas\" width=\"474\" height=\"498\" \/><\/a><\/p>\n<p><a href=\"https:\/\/www.choeurdemay.ch\/wp-content\/uploads\/2016\/04\/Noel-2011.jpg\"><img loading=\"lazy\" decoding=\"async\" class=\"alignnone size-full wp-image-338\" src=\"https:\/\/www.choeurdemay.ch\/wp-content\/uploads\/2016\/04\/Noel-2011.jpg\" alt=\"Noel 2011\" width=\"700\" height=\"990\" \/><\/a><\/p>\n<p><a href=\"https:\/\/www.choeurdemay.ch\/?page_id=473\">VERS 2012 -&gt;<\/a><br \/>\n<a href=\"https:\/\/www.choeurdemay.ch\/?page_id=467\">&lt;- VERS 2010<\/a><\/p>\n","protected":false},"excerpt":{"rendered":"<p>Pour son sixi\u00e8me concert du Vendredi Saint, le 22 avril 2011, dans une \u00e9glise de Gruy\u00e8res bond\u00e9e, Nicolas Wyssmuller, sous le titre de \u00ab\u00a0Tenebrae\u00a0\u00bb, dirigeait le Choeur de May et un ensemble instrumental dans quelques R\u00e9pons de T\u00e9n\u00e8bres de Thomas Luis de Victoria, dans le Stabat Mater pour des religieuses de Marc-Antoine Charpentier, dans une &hellip; <a href=\"https:\/\/www.choeurdemay.ch\/?page_id=470\" class=\"more-link\">Continuer la lecture de <span class=\"screen-reader-text\">2011 &#8211; Tenebrae | Dans la paix du soir | Saint Nicolas |\u00a0Concert de l&rsquo;Avent<\/span>  <span class=\"meta-nav\">&rarr;<\/span><\/a><\/p>\n","protected":false},"author":5,"featured_media":0,"parent":0,"menu_order":0,"comment_status":"closed","ping_status":"closed","template":"","meta":{"footnotes":""},"class_list":["post-470","page","type-page","status-publish","hentry"],"_links":{"self":[{"href":"https:\/\/www.choeurdemay.ch\/index.php?rest_route=\/wp\/v2\/pages\/470","targetHints":{"allow":["GET"]}}],"collection":[{"href":"https:\/\/www.choeurdemay.ch\/index.php?rest_route=\/wp\/v2\/pages"}],"about":[{"href":"https:\/\/www.choeurdemay.ch\/index.php?rest_route=\/wp\/v2\/types\/page"}],"author":[{"embeddable":true,"href":"https:\/\/www.choeurdemay.ch\/index.php?rest_route=\/wp\/v2\/users\/5"}],"replies":[{"embeddable":true,"href":"https:\/\/www.choeurdemay.ch\/index.php?rest_route=%2Fwp%2Fv2%2Fcomments&post=470"}],"version-history":[{"count":3,"href":"https:\/\/www.choeurdemay.ch\/index.php?rest_route=\/wp\/v2\/pages\/470\/revisions"}],"predecessor-version":[{"id":542,"href":"https:\/\/www.choeurdemay.ch\/index.php?rest_route=\/wp\/v2\/pages\/470\/revisions\/542"}],"wp:attachment":[{"href":"https:\/\/www.choeurdemay.ch\/index.php?rest_route=%2Fwp%2Fv2%2Fmedia&parent=470"}],"curies":[{"name":"wp","href":"https:\/\/api.w.org\/{rel}","templated":true}]}}

<p>Pour son sixième concert du Vendredi Saint, le 22 avril 2011, dans une église de Gruyères bondée, Nicolas Wyssmuller, sous le titre de « Tenebrae », dirigeait le Choeur de May et un ensemble instrumental dans quelques <em>Répons de Ténèbres</em> de Thomas Luis de Victoria, dans le<em> Stabat Mater pour des religieuses</em> de Marc-Antoine Charpentier, dans une cantate de Dietrich Buxtehude et dans les <em>Litanies de Lorette</em> de Claudio Monteverdi.</p>
<p><a href="https://www.choeurdemay.ch/wp-content/uploads/2016/04/tenebrae.jpg"><img loading="lazy" decoding="async" class="alignnone size-full wp-image-330" src="https://www.choeurdemay.ch/wp-content/uploads/2016/04/tenebrae.jpg" alt="tenebrae" width="500" height="707" /></a></p>
<p>Ambiance plus intimiste le 11 juin à 23h pour la participation du Choeur de May à la Nuit de La Pentecôte organisée par la Cécilienne de La Tour-de-Trême.</p>
<p>Le 12 novembre à la Cathédrale Saint Nicolas de Fribourg et le 13 novembre à l&rsquo;église Saint Pierre-aux-Liens de Bulle, le Choeur de May, en collaboration avec le Choeur Arsis de Fribourg, dirigé par Pierre-Fabien Roubaty, proposait, sous l&rsquo;intitulé « Dans la paix du soir », un programme aux couleurs automnales : un motet renaissant de Gombert, des madrigaux de Saint-Saens aux harmonies chamarrées, des pièces sacrées de Mendelssohn et Gounod ainsi que des œuvres de l’Anglais John Tavener et de l’Estonien Arvo Pärt, qui ont eu un parcours musical semblable: après être passé par une période de complexité, tous deux sont revenus à une musique simple, limpide, dépouillée, un «jardin zen mis en musique»…</p>
<p><a href="https://www.choeurdemay.ch/wp-content/uploads/2016/04/Affiche-novembre-version-9-petit.jpg"><img loading="lazy" decoding="async" class="alignnone size-large wp-image-349" src="https://www.choeurdemay.ch/wp-content/uploads/2016/04/Affiche-novembre-version-9-petit-724x1024.jpg" alt="Affiche novembre version 9 petit" width="474" height="670" /></a></p>
<p>En décembre, le Choeur de May participa au rendez-vous musicaux de la Saint Nicolas à Fribourg et aux concerts de Noël avec la fanfare de La Roche, à La Roche et à Rossens.</p>
<p><a href="https://www.choeurdemay.ch/wp-content/uploads/2016/04/Stnicolas.jpg"><img loading="lazy" decoding="async" class="alignnone size-large wp-image-336" src="https://www.choeurdemay.ch/wp-content/uploads/2016/04/Stnicolas-975x1024.jpg" alt="Stnicolas" width="474" height="498" /></a></p>
<p><a href="https://www.choeurdemay.ch/wp-content/uploads/2016/04/Noel-2011.jpg"><img loading="lazy" decoding="async" class="alignnone size-full wp-image-338" src="https://www.choeurdemay.ch/wp-content/uploads/2016/04/Noel-2011.jpg" alt="Noel 2011" width="700" height="990" /></a></p>
<p><a href="https://www.choeurdemay.ch/?page_id=473">VERS 2012 -&gt;</a><br />
<a href="https://www.choeurdemay.ch/?page_id=467">&lt;- VERS 2010</a></p>

<p>Pour son sixième concert du Vendredi Saint, le 22 avril 2011, dans une église de Gruyères bondée, Nicolas Wyssmuller, sous le titre de « Tenebrae », dirigeait le Choeur de May et un ensemble instrumental dans quelques Répons de Ténèbres de Thomas Luis de Victoria, dans le Stabat Mater pour des religieuses de Marc-Antoine Charpentier, dans une &hellip; <a href="https://www.choeurdemay.ch/?page_id=470" class="more-link">Continuer la lecture de <span class="screen-reader-text">2011 &#8211; Tenebrae | Dans la paix du soir | Saint Nicolas | Concert de l&rsquo;Avent</span>  <span class="meta-nav">&rarr;</span></a></p>
