{"id":464,"date":"2018-04-09T19:25:49","date_gmt":"2018-04-09T17:25:49","guid":{"rendered":"http:\/\/www.choeurdemay.ch\/?page_id=464"},"modified":"2021-02-03T15:40:08","modified_gmt":"2021-02-03T13:40:08","slug":"2009-tallis-vittoria-ingenieri-allegri-part-concert-de-lavent","status":"publish","type":"page","link":"https:\/\/www.choeurdemay.ch\/?page_id=464","title":{"rendered":"2009 &#8211; Tallis | Vittoria | Ingenieri | Allegri | P\u00e4rt | Concert de l&rsquo;Avent"},"content":{"rendered":"<p>Le Ch\u0153ur de May a pr\u00e9sent\u00e9, lors de son concert du Vendredi Saint, le 10 avril 2009, les <em>Lamentations de J\u00e9r\u00e9mie<\/em> de Thomas Tallis, <em>Popule Meus<\/em> de Vittoria, <em>Tenebrae factae sun<\/em>t d&rsquo;Ingegneri, <em>Salve Regina<\/em> et <em>Littlemore Tractus<\/em> du compositeur estonien contemporain Arvo P\u00e4rt et le <em>Miserere<\/em> d&rsquo;Allegri en compagnie de solistes et du duo Solo Cosi.<\/p>\n<p><a href=\"https:\/\/www.choeurdemay.ch\/wp-content\/uploads\/2016\/04\/and-peace-petit.jpg\"><img loading=\"lazy\" decoding=\"async\" class=\"alignnone size-large wp-image-339\" src=\"https:\/\/www.choeurdemay.ch\/wp-content\/uploads\/2016\/04\/and-peace-petit-724x1024.jpg\" alt=\"and peace petit\" width=\"474\" height=\"670\" \/><\/a><\/p>\n<p>En compagnie du Quatuor Vivace, le Ch\u0153ur de May a c\u00e9l\u00e9br\u00e9 No\u00ebl en l&rsquo;\u00e9glise de Riaz, le 13 d\u00e9cembre, avec des airs traditionnels et des \u0153uvres de J. L. Bach, J. G. Rheinberger, W. Stockmeier, R. Vaughan Williams, J. Rutter ou encore D. Gesseney-Rappo.<\/p>\n<p><img loading=\"lazy\" decoding=\"async\" class=\"alignnone size-large wp-image-341 aligncenter\" src=\"https:\/\/www.choeurdemay.ch\/wp-content\/uploads\/2016\/04\/Choeur-de-May-13.12.09_petit-724x1024.jpg\" alt=\"Choeur de May 13.12.09_petit\" width=\"474\" height=\"670\" \/><br \/>\n<a href=\"https:\/\/www.choeurdemay.ch\/?page_id=467\">VERS 2010 -&gt;<\/a><br \/>\n<a href=\"https:\/\/www.choeurdemay.ch\/?page_id=460\">&lt;- VERS 2008<\/a><\/p>\n","protected":false},"excerpt":{"rendered":"<p>Le Ch\u0153ur de May a pr\u00e9sent\u00e9, lors de son concert du Vendredi Saint, le 10 avril 2009, les Lamentations de J\u00e9r\u00e9mie de Thomas Tallis, Popule Meus de Vittoria, Tenebrae factae sunt d&rsquo;Ingegneri, Salve Regina et Littlemore Tractus du compositeur estonien contemporain Arvo P\u00e4rt et le Miserere d&rsquo;Allegri en compagnie de solistes et du duo Solo &hellip; <a href=\"https:\/\/www.choeurdemay.ch\/?page_id=464\" class=\"more-link\">Continuer la lecture de <span class=\"screen-reader-text\">2009 &#8211; Tallis | Vittoria | Ingenieri | Allegri | P\u00e4rt | Concert de l&rsquo;Avent<\/span>  <span class=\"meta-nav\">&rarr;<\/span><\/a><\/p>\n","protected":false},"author":5,"featured_media":0,"parent":0,"menu_order":0,"comment_status":"closed","ping_status":"closed","template":"","meta":{"footnotes":""},"class_list":["post-464","page","type-page","status-publish","hentry"],"_links":{"self":[{"href":"https:\/\/www.choeurdemay.ch\/index.php?rest_route=\/wp\/v2\/pages\/464","targetHints":{"allow":["GET"]}}],"collection":[{"href":"https:\/\/www.choeurdemay.ch\/index.php?rest_route=\/wp\/v2\/pages"}],"about":[{"href":"https:\/\/www.choeurdemay.ch\/index.php?rest_route=\/wp\/v2\/types\/page"}],"author":[{"embeddable":true,"href":"https:\/\/www.choeurdemay.ch\/index.php?rest_route=\/wp\/v2\/users\/5"}],"replies":[{"embeddable":true,"href":"https:\/\/www.choeurdemay.ch\/index.php?rest_route=%2Fwp%2Fv2%2Fcomments&post=464"}],"version-history":[{"count":5,"href":"https:\/\/www.choeurdemay.ch\/index.php?rest_route=\/wp\/v2\/pages\/464\/revisions"}],"predecessor-version":[{"id":670,"href":"https:\/\/www.choeurdemay.ch\/index.php?rest_route=\/wp\/v2\/pages\/464\/revisions\/670"}],"wp:attachment":[{"href":"https:\/\/www.choeurdemay.ch\/index.php?rest_route=%2Fwp%2Fv2%2Fmedia&parent=464"}],"curies":[{"name":"wp","href":"https:\/\/api.w.org\/{rel}","templated":true}]}}

2009 &#8211; Tallis | Vittoria | Ingenieri | Allegri | Pärt | Concert de l&rsquo;Avent

<p>Le Chœur de May a présenté, lors de son concert du Vendredi Saint, le 10 avril 2009, les <em>Lamentations de Jérémie</em> de Thomas Tallis, <em>Popule Meus</em> de Vittoria, <em>Tenebrae factae sun</em>t d&rsquo;Ingegneri, <em>Salve Regina</em> et <em>Littlemore Tractus</em> du compositeur estonien contemporain Arvo Pärt et le <em>Miserere</em> d&rsquo;Allegri en compagnie de solistes et du duo Solo Cosi.</p>
<p><a href="https://www.choeurdemay.ch/wp-content/uploads/2016/04/and-peace-petit.jpg"><img loading="lazy" decoding="async" class="alignnone size-large wp-image-339" src="https://www.choeurdemay.ch/wp-content/uploads/2016/04/and-peace-petit-724x1024.jpg" alt="and peace petit" width="474" height="670" /></a></p>
<p>En compagnie du Quatuor Vivace, le Chœur de May a célébré Noël en l&rsquo;église de Riaz, le 13 décembre, avec des airs traditionnels et des œuvres de J. L. Bach, J. G. Rheinberger, W. Stockmeier, R. Vaughan Williams, J. Rutter ou encore D. Gesseney-Rappo.</p>
<p><img loading="lazy" decoding="async" class="alignnone size-large wp-image-341 aligncenter" src="https://www.choeurdemay.ch/wp-content/uploads/2016/04/Choeur-de-May-13.12.09_petit-724x1024.jpg" alt="Choeur de May 13.12.09_petit" width="474" height="670" /><br />
<a href="https://www.choeurdemay.ch/?page_id=467">VERS 2010 -&gt;</a><br />
<a href="https://www.choeurdemay.ch/?page_id=460">&lt;- VERS 2008</a></p>

<p>Le Chœur de May a présenté, lors de son concert du Vendredi Saint, le 10 avril 2009, les Lamentations de Jérémie de Thomas Tallis, Popule Meus de Vittoria, Tenebrae factae sunt d&rsquo;Ingegneri, Salve Regina et Littlemore Tractus du compositeur estonien contemporain Arvo Pärt et le Miserere d&rsquo;Allegri en compagnie de solistes et du duo Solo &hellip; <a href="https://www.choeurdemay.ch/?page_id=464" class="more-link">Continuer la lecture de <span class="screen-reader-text">2009 &#8211; Tallis | Vittoria | Ingenieri | Allegri | Pärt | Concert de l&rsquo;Avent</span>  <span class="meta-nav">&rarr;</span></a></p>
