{"id":460,"date":"2018-04-09T19:22:03","date_gmt":"2018-04-09T17:22:03","guid":{"rendered":"http:\/\/www.choeurdemay.ch\/?page_id=460"},"modified":"2018-04-09T21:27:40","modified_gmt":"2018-04-09T19:27:40","slug":"2008-reflets-cantate-131-de-bach-et-te-deum-de-haendel-compositeurs-norvegiens-et-purcell","status":"publish","type":"page","link":"https:\/\/www.choeurdemay.ch\/?page_id=460","title":{"rendered":"2008 &#8211; Reflets | Cantate 131 de Bach et Te Deum de Haendel | Compositeurs norv\u00e9giens et Purcell"},"content":{"rendered":"<p>Ann\u00e9e faste pour le Choeur de May, qui f\u00eate ses dix ans ! Pour le traditionnel concert du Vendredi Saint, des reflets de son r\u00e9pertoire sont propos\u00e9s : des oeuvres de Vittoria, Graun, Gombert, Franck, Faur\u00e9 ou encore Rheinberger. Le m\u00eame programme fut interpr\u00e9t\u00e9 en avril \u00e0 l&rsquo;\u00e9glise d&rsquo;Ecuvillens.<\/p>\n<p>Les 17 et 18 mai, les concerts d&rsquo;anniversaire ont attir\u00e9 un public nombreux. Le programme en \u00e9tait vari\u00e9 et comprenait deux \u0153uvres baroques majeures du d\u00e9but du XVIIIe si\u00e8cle. Le contraste entre l\u2019aust\u00e9rit\u00e9 luth\u00e9rienne de la <em>Cantate BWV 131 \u00ab Aus der Tiefen rufe ich Herr zu Dir \u00bb<\/em> de Johann Sebastian Bach et la somptuosit\u00e9 tout anglicane et britannique de <em>Te Deum de Dettingen<\/em> compos\u00e9 par Georg Friedrich Haendel est particuli\u00e8rement saisissant et permet de mesurer la diversit\u00e9 de la musique sacr\u00e9e de cette \u00e9poque.<\/p>\n<p>Si pour la <em>Cantate BWV 131<\/em> de Bach le Ch\u0153ur de May est rest\u00e9 dans son effectif actuel (seize membres), il a eu le plaisir d\u2019accueillir ses anciens choristes pour l\u2019interpr\u00e9tation du <em>Te Deum<\/em> : le ch\u0153ur ainsi form\u00e9 comportait une trentaine de chanteurs. Les deux \u0153uvres furent accompagn\u00e9es par l\u2019Ensemble Baroque du L\u00e9man. Trois chanteurs professionnels ont interpr\u00e9t\u00e9 les parties solistiques: Val\u00e9rie Bonnard, mezzo-soprano Bertrand Bochud, t\u00e9nor et Fabrice Hayoz, baryton. Toutes les \u0153uvres \u00e9taient dirig\u00e9es par Nicolas Wyssmueller, le chef fondateur du Ch\u0153ur de May.<\/p>\n<p>Au mois d&rsquo;octobre, le Choeur de May s&rsquo;associait avec l&rsquo;Ensemble Vocal de Neuch\u00e2tel pour deux concerts autour de compositeurs norv\u00e9giens, de Francis Poulenc et d&rsquo;Henry Purcell.<\/p>\n<p><a href=\"https:\/\/www.choeurdemay.ch\/wp-content\/uploads\/2016\/04\/Reflets-98_08_site.jpg\"><img loading=\"lazy\" decoding=\"async\" class=\"alignnone size-full wp-image-327\" src=\"https:\/\/www.choeurdemay.ch\/wp-content\/uploads\/2016\/04\/Reflets-98_08_site.jpg\" alt=\"Reflets 98_08_site\" width=\"500\" height=\"707\" \/><\/a><\/p>\n<p><a href=\"https:\/\/www.choeurdemay.ch\/wp-content\/uploads\/2016\/04\/Affiche-10e_bis_site.jpg\"><img loading=\"lazy\" decoding=\"async\" class=\"alignnone size-full wp-image-329\" src=\"https:\/\/www.choeurdemay.ch\/wp-content\/uploads\/2016\/04\/Affiche-10e_bis_site.jpg\" alt=\"Affiche 10e_bis_site\" width=\"600\" height=\"849\" \/><\/a><\/p>\n<p><a href=\"https:\/\/www.choeurdemay.ch\/wp-content\/uploads\/2016\/04\/CdM_EVN.jpg\"><img loading=\"lazy\" decoding=\"async\" class=\"alignnone size-large wp-image-342\" src=\"https:\/\/www.choeurdemay.ch\/wp-content\/uploads\/2016\/04\/CdM_EVN-724x1024.jpg\" alt=\"CdM_EVN\" width=\"474\" height=\"670\" \/><\/a><\/p>\n<p><a href=\"https:\/\/www.choeurdemay.ch\/?page_id=464\">VERS 2009 -&gt;<br \/>\n<\/a><a href=\"https:\/\/www.choeurdemay.ch\/?page_id=443\">&lt;- VERS 2007<\/a><\/p>\n","protected":false},"excerpt":{"rendered":"<p>Ann\u00e9e faste pour le Choeur de May, qui f\u00eate ses dix ans ! Pour le traditionnel concert du Vendredi Saint, des reflets de son r\u00e9pertoire sont propos\u00e9s : des oeuvres de Vittoria, Graun, Gombert, Franck, Faur\u00e9 ou encore Rheinberger. Le m\u00eame programme fut interpr\u00e9t\u00e9 en avril \u00e0 l&rsquo;\u00e9glise d&rsquo;Ecuvillens. Les 17 et 18 mai, les &hellip; <a href=\"https:\/\/www.choeurdemay.ch\/?page_id=460\" class=\"more-link\">Continuer la lecture de <span class=\"screen-reader-text\">2008 &#8211; Reflets | Cantate 131 de Bach et Te Deum de Haendel | Compositeurs norv\u00e9giens et Purcell<\/span>  <span class=\"meta-nav\">&rarr;<\/span><\/a><\/p>\n","protected":false},"author":5,"featured_media":0,"parent":0,"menu_order":0,"comment_status":"closed","ping_status":"closed","template":"","meta":{"footnotes":""},"class_list":["post-460","page","type-page","status-publish","hentry"],"_links":{"self":[{"href":"https:\/\/www.choeurdemay.ch\/index.php?rest_route=\/wp\/v2\/pages\/460","targetHints":{"allow":["GET"]}}],"collection":[{"href":"https:\/\/www.choeurdemay.ch\/index.php?rest_route=\/wp\/v2\/pages"}],"about":[{"href":"https:\/\/www.choeurdemay.ch\/index.php?rest_route=\/wp\/v2\/types\/page"}],"author":[{"embeddable":true,"href":"https:\/\/www.choeurdemay.ch\/index.php?rest_route=\/wp\/v2\/users\/5"}],"replies":[{"embeddable":true,"href":"https:\/\/www.choeurdemay.ch\/index.php?rest_route=%2Fwp%2Fv2%2Fcomments&post=460"}],"version-history":[{"count":4,"href":"https:\/\/www.choeurdemay.ch\/index.php?rest_route=\/wp\/v2\/pages\/460\/revisions"}],"predecessor-version":[{"id":547,"href":"https:\/\/www.choeurdemay.ch\/index.php?rest_route=\/wp\/v2\/pages\/460\/revisions\/547"}],"wp:attachment":[{"href":"https:\/\/www.choeurdemay.ch\/index.php?rest_route=%2Fwp%2Fv2%2Fmedia&parent=460"}],"curies":[{"name":"wp","href":"https:\/\/api.w.org\/{rel}","templated":true}]}}

2008 &#8211; Reflets | Cantate 131 de Bach et Te Deum de Haendel | Compositeurs norvégiens et Purcell

<p>Année faste pour le Choeur de May, qui fête ses dix ans ! Pour le traditionnel concert du Vendredi Saint, des reflets de son répertoire sont proposés : des oeuvres de Vittoria, Graun, Gombert, Franck, Fauré ou encore Rheinberger. Le même programme fut interprété en avril à l&rsquo;église d&rsquo;Ecuvillens.</p>
<p>Les 17 et 18 mai, les concerts d&rsquo;anniversaire ont attiré un public nombreux. Le programme en était varié et comprenait deux œuvres baroques majeures du début du XVIIIe siècle. Le contraste entre l’austérité luthérienne de la <em>Cantate BWV 131 « Aus der Tiefen rufe ich Herr zu Dir »</em> de Johann Sebastian Bach et la somptuosité tout anglicane et britannique de <em>Te Deum de Dettingen</em> composé par Georg Friedrich Haendel est particulièrement saisissant et permet de mesurer la diversité de la musique sacrée de cette époque.</p>
<p>Si pour la <em>Cantate BWV 131</em> de Bach le Chœur de May est resté dans son effectif actuel (seize membres), il a eu le plaisir d’accueillir ses anciens choristes pour l’interprétation du <em>Te Deum</em> : le chœur ainsi formé comportait une trentaine de chanteurs. Les deux œuvres furent accompagnées par l’Ensemble Baroque du Léman. Trois chanteurs professionnels ont interprété les parties solistiques: Valérie Bonnard, mezzo-soprano Bertrand Bochud, ténor et Fabrice Hayoz, baryton. Toutes les œuvres étaient dirigées par Nicolas Wyssmueller, le chef fondateur du Chœur de May.</p>
<p>Au mois d&rsquo;octobre, le Choeur de May s&rsquo;associait avec l&rsquo;Ensemble Vocal de Neuchâtel pour deux concerts autour de compositeurs norvégiens, de Francis Poulenc et d&rsquo;Henry Purcell.</p>
<p><a href="https://www.choeurdemay.ch/wp-content/uploads/2016/04/Reflets-98_08_site.jpg"><img loading="lazy" decoding="async" class="alignnone size-full wp-image-327" src="https://www.choeurdemay.ch/wp-content/uploads/2016/04/Reflets-98_08_site.jpg" alt="Reflets 98_08_site" width="500" height="707" /></a></p>
<p><a href="https://www.choeurdemay.ch/wp-content/uploads/2016/04/Affiche-10e_bis_site.jpg"><img loading="lazy" decoding="async" class="alignnone size-full wp-image-329" src="https://www.choeurdemay.ch/wp-content/uploads/2016/04/Affiche-10e_bis_site.jpg" alt="Affiche 10e_bis_site" width="600" height="849" /></a></p>
<p><a href="https://www.choeurdemay.ch/wp-content/uploads/2016/04/CdM_EVN.jpg"><img loading="lazy" decoding="async" class="alignnone size-large wp-image-342" src="https://www.choeurdemay.ch/wp-content/uploads/2016/04/CdM_EVN-724x1024.jpg" alt="CdM_EVN" width="474" height="670" /></a></p>
<p><a href="https://www.choeurdemay.ch/?page_id=464">VERS 2009 -&gt;<br />
</a><a href="https://www.choeurdemay.ch/?page_id=443">&lt;- VERS 2007</a></p>

<p>Année faste pour le Choeur de May, qui fête ses dix ans ! Pour le traditionnel concert du Vendredi Saint, des reflets de son répertoire sont proposés : des oeuvres de Vittoria, Graun, Gombert, Franck, Fauré ou encore Rheinberger. Le même programme fut interprété en avril à l&rsquo;église d&rsquo;Ecuvillens. Les 17 et 18 mai, les &hellip; <a href="https://www.choeurdemay.ch/?page_id=460" class="more-link">Continuer la lecture de <span class="screen-reader-text">2008 &#8211; Reflets | Cantate 131 de Bach et Te Deum de Haendel | Compositeurs norvégiens et Purcell</span>  <span class="meta-nav">&rarr;</span></a></p>
