{"id":44,"date":"2016-04-03T22:05:15","date_gmt":"2016-04-03T20:05:15","guid":{"rendered":"http:\/\/choeurdemay.ch\/wordpress\/?page_id=44"},"modified":"2025-03-01T20:07:18","modified_gmt":"2025-03-01T18:07:18","slug":"choristes","status":"publish","type":"page","link":"https:\/\/www.choeurdemay.ch\/?page_id=44","title":{"rendered":"Les choristes"},"content":{"rendered":"<div class=\"wp-block-image\">\n<figure class=\"aligncenter size-large\"><img loading=\"lazy\" decoding=\"async\" width=\"1024\" height=\"683\" src=\"https:\/\/www.choeurdemay.ch\/wp-content\/uploads\/2022\/08\/Le-Choeur-de-May_COL_1-1-1024x683.jpg\" alt=\"\" class=\"wp-image-983\" srcset=\"https:\/\/www.choeurdemay.ch\/wp-content\/uploads\/2022\/08\/Le-Choeur-de-May_COL_1-1-1024x683.jpg 1024w, https:\/\/www.choeurdemay.ch\/wp-content\/uploads\/2022\/08\/Le-Choeur-de-May_COL_1-1-300x200.jpg 300w, https:\/\/www.choeurdemay.ch\/wp-content\/uploads\/2022\/08\/Le-Choeur-de-May_COL_1-1-768x512.jpg 768w, https:\/\/www.choeurdemay.ch\/wp-content\/uploads\/2022\/08\/Le-Choeur-de-May_COL_1-1-1536x1024.jpg 1536w, https:\/\/www.choeurdemay.ch\/wp-content\/uploads\/2022\/08\/Le-Choeur-de-May_COL_1-1-2048x1365.jpg 2048w\" sizes=\"auto, (max-width: 1024px) 100vw, 1024px\" \/><figcaption class=\"wp-element-caption\">\u00a9 R\u00e9gine Gapany<\/figcaption><\/figure>\n<\/div>\n\n<table style=\"border: 1px solid transparent;\">\n<tbody>\n<tr>\n<td style=\"border: 1px solid transparent;\">\n<h2>Soprani<\/h2>\n<\/td>\n<td style=\"border: 1px solid transparent;\">\n<h2>T\u00e9nors<\/h2>\n<\/td>\n<\/tr>\n<tr style=\"border: 1px solid transparent;\">\n<td style=\"border: 1px solid transparent;\">H\u00e9l\u00e8ne Buchs<br \/>Laurence Corminboeuf<br \/>St\u00e9phanie Corpataux<br \/>Catherine Gremaud<br \/>Christel Maillard<br \/>Claire-Lise Progin<\/td>\n<td style=\"border: 1px solid transparent;\">Alexandre Beaud<br \/>Laurent Chammartin<br \/>Olivier Despont<br \/>Daniel Yerly<\/td>\n<\/tr>\n<tr style=\"border: 1px solid transparent;\">\n<td style=\"border: 1px solid transparent;\">\n<h2>Alti<\/h2>\n<\/td>\n<td style=\"border: 1px solid transparent;\">\n<h2>Basses<\/h2>\n<\/td>\n<\/tr>\n<tr style=\"border: 1px solid transparent;\">\n<td style=\"border: 1px solid transparent;\">Karine Beaud-Pasquier<br \/>Natacha Bochud<br \/>Sabine Morand<br \/>Marie-Carmel Ridor\u00e9<br \/>Martine Romanens<br \/>Catherine Vial<\/td>\n<td style=\"border: 1px solid transparent;\">Louis-Philippe Clerc<br \/>Laurent Cottier<br \/>Fran\u00e7ois Rime<br \/>Fr\u00e9d\u00e9ric Sudan<br \/>Roland Trezzini<\/td>\n<\/tr>\n<\/tbody>\n<\/table>\n<p style=\"text-align: center;\">\u00a0<\/p>","protected":false},"excerpt":{"rendered":"<p>Soprani T\u00e9nors H\u00e9l\u00e8ne BuchsLaurence CorminboeufSt\u00e9phanie CorpatauxCatherine GremaudChristel MaillardClaire-Lise Progin Alexandre BeaudLaurent ChammartinOlivier DespontDaniel Yerly Alti Basses Karine Beaud-PasquierNatacha BochudSabine MorandMarie-Carmel Ridor\u00e9Martine RomanensCatherine Vial Louis-Philippe ClercLaurent CottierFran\u00e7ois RimeFr\u00e9d\u00e9ric SudanRoland Trezzini \u00a0<\/p>\n","protected":false},"author":2,"featured_media":0,"parent":0,"menu_order":0,"comment_status":"closed","ping_status":"closed","template":"","meta":{"footnotes":""},"class_list":["post-44","page","type-page","status-publish","hentry"],"_links":{"self":[{"href":"https:\/\/www.choeurdemay.ch\/index.php?rest_route=\/wp\/v2\/pages\/44","targetHints":{"allow":["GET"]}}],"collection":[{"href":"https:\/\/www.choeurdemay.ch\/index.php?rest_route=\/wp\/v2\/pages"}],"about":[{"href":"https:\/\/www.choeurdemay.ch\/index.php?rest_route=\/wp\/v2\/types\/page"}],"author":[{"embeddable":true,"href":"https:\/\/www.choeurdemay.ch\/index.php?rest_route=\/wp\/v2\/users\/2"}],"replies":[{"embeddable":true,"href":"https:\/\/www.choeurdemay.ch\/index.php?rest_route=%2Fwp%2Fv2%2Fcomments&post=44"}],"version-history":[{"count":24,"href":"https:\/\/www.choeurdemay.ch\/index.php?rest_route=\/wp\/v2\/pages\/44\/revisions"}],"predecessor-version":[{"id":1354,"href":"https:\/\/www.choeurdemay.ch\/index.php?rest_route=\/wp\/v2\/pages\/44\/revisions\/1354"}],"wp:attachment":[{"href":"https:\/\/www.choeurdemay.ch\/index.php?rest_route=%2Fwp%2Fv2%2Fmedia&parent=44"}],"curies":[{"name":"wp","href":"https:\/\/api.w.org\/{rel}","templated":true}]}}

<div class="wp-block-image">
<figure class="aligncenter size-large"><img loading="lazy" decoding="async" width="1024" height="683" src="https://www.choeurdemay.ch/wp-content/uploads/2022/08/Le-Choeur-de-May_COL_1-1-1024x683.jpg" alt="" class="wp-image-983" srcset="https://www.choeurdemay.ch/wp-content/uploads/2022/08/Le-Choeur-de-May_COL_1-1-1024x683.jpg 1024w, https://www.choeurdemay.ch/wp-content/uploads/2022/08/Le-Choeur-de-May_COL_1-1-300x200.jpg 300w, https://www.choeurdemay.ch/wp-content/uploads/2022/08/Le-Choeur-de-May_COL_1-1-768x512.jpg 768w, https://www.choeurdemay.ch/wp-content/uploads/2022/08/Le-Choeur-de-May_COL_1-1-1536x1024.jpg 1536w, https://www.choeurdemay.ch/wp-content/uploads/2022/08/Le-Choeur-de-May_COL_1-1-2048x1365.jpg 2048w" sizes="auto, (max-width: 1024px) 100vw, 1024px" /><figcaption class="wp-element-caption">© Régine Gapany</figcaption></figure>
</div>

<table style="border: 1px solid transparent;">
<tbody>
<tr>
<td style="border: 1px solid transparent;">
<h2>Soprani</h2>
</td>
<td style="border: 1px solid transparent;">
<h2>Ténors</h2>
</td>
</tr>
<tr style="border: 1px solid transparent;">
<td style="border: 1px solid transparent;">Hélène Buchs<br />Laurence Corminboeuf<br />Stéphanie Corpataux<br />Catherine Gremaud<br />Christel Maillard<br />Claire-Lise Progin</td>
<td style="border: 1px solid transparent;">Alexandre Beaud<br />Laurent Chammartin<br />Olivier Despont<br />Daniel Yerly</td>
</tr>
<tr style="border: 1px solid transparent;">
<td style="border: 1px solid transparent;">
<h2>Alti</h2>
</td>
<td style="border: 1px solid transparent;">
<h2>Basses</h2>
</td>
</tr>
<tr style="border: 1px solid transparent;">
<td style="border: 1px solid transparent;">Karine Beaud-Pasquier<br />Natacha Bochud<br />Sabine Morand<br />Marie-Carmel Ridoré<br />Martine Romanens<br />Catherine Vial</td>
<td style="border: 1px solid transparent;">Louis-Philippe Clerc<br />Laurent Cottier<br />François Rime<br />Frédéric Sudan<br />Roland Trezzini</td>
</tr>
</tbody>
</table>
<p style="text-align: center;"> </p>

<p>Soprani Ténors Hélène BuchsLaurence CorminboeufStéphanie CorpatauxCatherine GremaudChristel MaillardClaire-Lise Progin Alexandre BeaudLaurent ChammartinOlivier DespontDaniel Yerly Alti Basses Karine Beaud-PasquierNatacha BochudSabine MorandMarie-Carmel RidoréMartine RomanensCatherine Vial Louis-Philippe ClercLaurent CottierFrançois RimeFrédéric SudanRoland Trezzini  </p>
