{"id":437,"date":"2018-04-09T18:33:18","date_gmt":"2018-04-09T16:33:18","guid":{"rendered":"http:\/\/www.choeurdemay.ch\/?page_id=437"},"modified":"2018-04-09T21:30:27","modified_gmt":"2018-04-09T19:30:27","slug":"2005-musique-pour-choeur-et-orgue","status":"publish","type":"page","link":"https:\/\/www.choeurdemay.ch\/?page_id=437","title":{"rendered":"2005 &#8211; Musique pour choeur et orgue"},"content":{"rendered":"<p>En f\u00e9vrier, le Ch\u0153ur de May participa \u00e0 un concert r\u00e9unissant l\u2019ensemble \u00abLundi 7 heures\u00bb et le Ch\u0153ur Rozdestvo de Saint-Petersbourg.<\/p>\n<p>Le 8 mai, \u00e0 Gruy\u00e8res, l\u2019ensemble vocal, accompagn\u00e9 par Diego Innocenzi, proposait un concert de musique romantique fran\u00e7aise, avec des motets de Gabriel Faur\u00e9 et C\u00e9sar Franck.<\/p>\n<p><a href=\"https:\/\/www.choeurdemay.ch\/wp-content\/uploads\/2016\/04\/Mai-2005_RimeF.jpg\"><img loading=\"lazy\" decoding=\"async\" class=\"alignnone size-full wp-image-328\" src=\"https:\/\/www.choeurdemay.ch\/wp-content\/uploads\/2016\/04\/Mai-2005_RimeF.jpg\" alt=\"Mai 2005_RimeF\" width=\"594\" height=\"841\" \/><\/a><\/p>\n<p>En novembre, il participait au concert annuel du ch\u0153ur mixte \u00abL\u2019Echo d\u2019Everdes\u00bb, \u00e0 Echarlens et pr\u00e9senta des \u0153uvres de Rheinberger et Reger \u00e0 Vandoeuvres, avec Diego Innocenzi.<\/p>\n<p><a href=\"https:\/\/www.choeurdemay.ch\/?page_id=440\">VERS 2006 -&gt;<\/a><br \/>\n<a href=\"https:\/\/www.choeurdemay.ch\/?page_id=426\">&lt;- VERS 2004<\/a><\/p>\n","protected":false},"excerpt":{"rendered":"<p>En f\u00e9vrier, le Ch\u0153ur de May participa \u00e0 un concert r\u00e9unissant l\u2019ensemble \u00abLundi 7 heures\u00bb et le Ch\u0153ur Rozdestvo de Saint-Petersbourg. Le 8 mai, \u00e0 Gruy\u00e8res, l\u2019ensemble vocal, accompagn\u00e9 par Diego Innocenzi, proposait un concert de musique romantique fran\u00e7aise, avec des motets de Gabriel Faur\u00e9 et C\u00e9sar Franck. En novembre, il participait au concert annuel &hellip; <a href=\"https:\/\/www.choeurdemay.ch\/?page_id=437\" class=\"more-link\">Continuer la lecture de <span class=\"screen-reader-text\">2005 &#8211; Musique pour choeur et orgue<\/span>  <span class=\"meta-nav\">&rarr;<\/span><\/a><\/p>\n","protected":false},"author":5,"featured_media":0,"parent":0,"menu_order":0,"comment_status":"closed","ping_status":"closed","template":"","meta":{"footnotes":""},"class_list":["post-437","page","type-page","status-publish","hentry"],"_links":{"self":[{"href":"https:\/\/www.choeurdemay.ch\/index.php?rest_route=\/wp\/v2\/pages\/437","targetHints":{"allow":["GET"]}}],"collection":[{"href":"https:\/\/www.choeurdemay.ch\/index.php?rest_route=\/wp\/v2\/pages"}],"about":[{"href":"https:\/\/www.choeurdemay.ch\/index.php?rest_route=\/wp\/v2\/types\/page"}],"author":[{"embeddable":true,"href":"https:\/\/www.choeurdemay.ch\/index.php?rest_route=\/wp\/v2\/users\/5"}],"replies":[{"embeddable":true,"href":"https:\/\/www.choeurdemay.ch\/index.php?rest_route=%2Fwp%2Fv2%2Fcomments&post=437"}],"version-history":[{"count":3,"href":"https:\/\/www.choeurdemay.ch\/index.php?rest_route=\/wp\/v2\/pages\/437\/revisions"}],"predecessor-version":[{"id":550,"href":"https:\/\/www.choeurdemay.ch\/index.php?rest_route=\/wp\/v2\/pages\/437\/revisions\/550"}],"wp:attachment":[{"href":"https:\/\/www.choeurdemay.ch\/index.php?rest_route=%2Fwp%2Fv2%2Fmedia&parent=437"}],"curies":[{"name":"wp","href":"https:\/\/api.w.org\/{rel}","templated":true}]}}

<p>En février, le Chœur de May participa à un concert réunissant l’ensemble «Lundi 7 heures» et le Chœur Rozdestvo de Saint-Petersbourg.</p>
<p>Le 8 mai, à Gruyères, l’ensemble vocal, accompagné par Diego Innocenzi, proposait un concert de musique romantique française, avec des motets de Gabriel Fauré et César Franck.</p>
<p><a href="https://www.choeurdemay.ch/wp-content/uploads/2016/04/Mai-2005_RimeF.jpg"><img loading="lazy" decoding="async" class="alignnone size-full wp-image-328" src="https://www.choeurdemay.ch/wp-content/uploads/2016/04/Mai-2005_RimeF.jpg" alt="Mai 2005_RimeF" width="594" height="841" /></a></p>
<p>En novembre, il participait au concert annuel du chœur mixte «L’Echo d’Everdes», à Echarlens et présenta des œuvres de Rheinberger et Reger à Vandoeuvres, avec Diego Innocenzi.</p>
<p><a href="https://www.choeurdemay.ch/?page_id=440">VERS 2006 -&gt;</a><br />
<a href="https://www.choeurdemay.ch/?page_id=426">&lt;- VERS 2004</a></p>

<p>En février, le Chœur de May participa à un concert réunissant l’ensemble «Lundi 7 heures» et le Chœur Rozdestvo de Saint-Petersbourg. Le 8 mai, à Gruyères, l’ensemble vocal, accompagné par Diego Innocenzi, proposait un concert de musique romantique française, avec des motets de Gabriel Fauré et César Franck. En novembre, il participait au concert annuel &hellip; <a href="https://www.choeurdemay.ch/?page_id=437" class="more-link">Continuer la lecture de <span class="screen-reader-text">2005 &#8211; Musique pour choeur et orgue</span>  <span class="meta-nav">&rarr;</span></a></p>
