{"id":414,"date":"2018-04-09T18:11:12","date_gmt":"2018-04-09T16:11:12","guid":{"rendered":"http:\/\/www.choeurdemay.ch\/?page_id=414"},"modified":"2018-04-09T21:40:15","modified_gmt":"2018-04-09T19:40:15","slug":"2002-histoire-de-la-nativite-de-schutz","status":"publish","type":"page","link":"https:\/\/www.choeurdemay.ch\/?page_id=414","title":{"rendered":"2002 &#8211; Graun | Expo.02 | Histoire de la Nativit\u00e9 de Sch\u00fctz"},"content":{"rendered":"<p>En janvier, le ch\u0153ur pr\u00e9senta, en l\u2019\u00e9glise de La Tour-de-Tr\u00eame, quatre motets a cappella de Carl Heinrich Graun.<\/p>\n<p>Lors du dimanche de la Pentec\u00f4te, il se rendit \u00e0 Yverdon pour la Journ\u00e9e des Eglises de l\u2019Expo.02 et chanta en compagnie de nombreuses formations chorales provenant de toute la Suisse.<\/p>\n<p>Le 15 d\u00e9cembre, le Ch\u0153ur de May, en compagnie de quelques amis choristes et de l\u2019Orchestre de la Ville de Bulle (dirig\u00e9 par Olivier Murith), pr\u00e9senta <em>L\u2019Histoire de la Nativit\u00e9<\/em> de Heinrich Sch\u00fctz, en l\u2019\u00e9glise de Vuadens.<\/p>\n<p><a href=\"https:\/\/www.choeurdemay.ch\/wp-content\/uploads\/2016\/04\/Decembre-2002_RimeF.jpg\"><img loading=\"lazy\" decoding=\"async\" class=\"alignnone size-full wp-image-346\" src=\"https:\/\/www.choeurdemay.ch\/wp-content\/uploads\/2016\/04\/Decembre-2002_RimeF.jpg\" alt=\"Decembre 2002_RimeF\" width=\"650\" height=\"927\" \/><\/a><\/p>\n<p><a href=\"https:\/\/www.choeurdemay.ch\/?page_id=417\">VERS 2003 -&gt;<\/a><br \/>\n<a href=\"https:\/\/www.choeurdemay.ch\/?page_id=411\">&lt;- VERS 1998, 2000, 2001<\/a><\/p>\n","protected":false},"excerpt":{"rendered":"<p>En janvier, le ch\u0153ur pr\u00e9senta, en l\u2019\u00e9glise de La Tour-de-Tr\u00eame, quatre motets a cappella de Carl Heinrich Graun. Lors du dimanche de la Pentec\u00f4te, il se rendit \u00e0 Yverdon pour la Journ\u00e9e des Eglises de l\u2019Expo.02 et chanta en compagnie de nombreuses formations chorales provenant de toute la Suisse. Le 15 d\u00e9cembre, le Ch\u0153ur de &hellip; <a href=\"https:\/\/www.choeurdemay.ch\/?page_id=414\" class=\"more-link\">Continuer la lecture de <span class=\"screen-reader-text\">2002 &#8211; Graun | Expo.02 | Histoire de la Nativit\u00e9 de Sch\u00fctz<\/span>  <span class=\"meta-nav\">&rarr;<\/span><\/a><\/p>\n","protected":false},"author":5,"featured_media":0,"parent":0,"menu_order":0,"comment_status":"closed","ping_status":"closed","template":"","meta":{"footnotes":""},"class_list":["post-414","page","type-page","status-publish","hentry"],"_links":{"self":[{"href":"https:\/\/www.choeurdemay.ch\/index.php?rest_route=\/wp\/v2\/pages\/414","targetHints":{"allow":["GET"]}}],"collection":[{"href":"https:\/\/www.choeurdemay.ch\/index.php?rest_route=\/wp\/v2\/pages"}],"about":[{"href":"https:\/\/www.choeurdemay.ch\/index.php?rest_route=\/wp\/v2\/types\/page"}],"author":[{"embeddable":true,"href":"https:\/\/www.choeurdemay.ch\/index.php?rest_route=\/wp\/v2\/users\/5"}],"replies":[{"embeddable":true,"href":"https:\/\/www.choeurdemay.ch\/index.php?rest_route=%2Fwp%2Fv2%2Fcomments&post=414"}],"version-history":[{"count":5,"href":"https:\/\/www.choeurdemay.ch\/index.php?rest_route=\/wp\/v2\/pages\/414\/revisions"}],"predecessor-version":[{"id":558,"href":"https:\/\/www.choeurdemay.ch\/index.php?rest_route=\/wp\/v2\/pages\/414\/revisions\/558"}],"wp:attachment":[{"href":"https:\/\/www.choeurdemay.ch\/index.php?rest_route=%2Fwp%2Fv2%2Fmedia&parent=414"}],"curies":[{"name":"wp","href":"https:\/\/api.w.org\/{rel}","templated":true}]}}

2002 &#8211; Graun | Expo.02 | Histoire de la Nativité de Schütz

<p>En janvier, le chœur présenta, en l’église de La Tour-de-Trême, quatre motets a cappella de Carl Heinrich Graun.</p>
<p>Lors du dimanche de la Pentecôte, il se rendit à Yverdon pour la Journée des Eglises de l’Expo.02 et chanta en compagnie de nombreuses formations chorales provenant de toute la Suisse.</p>
<p>Le 15 décembre, le Chœur de May, en compagnie de quelques amis choristes et de l’Orchestre de la Ville de Bulle (dirigé par Olivier Murith), présenta <em>L’Histoire de la Nativité</em> de Heinrich Schütz, en l’église de Vuadens.</p>
<p><a href="https://www.choeurdemay.ch/wp-content/uploads/2016/04/Decembre-2002_RimeF.jpg"><img loading="lazy" decoding="async" class="alignnone size-full wp-image-346" src="https://www.choeurdemay.ch/wp-content/uploads/2016/04/Decembre-2002_RimeF.jpg" alt="Decembre 2002_RimeF" width="650" height="927" /></a></p>
<p><a href="https://www.choeurdemay.ch/?page_id=417">VERS 2003 -&gt;</a><br />
<a href="https://www.choeurdemay.ch/?page_id=411">&lt;- VERS 1998, 2000, 2001</a></p>

<p>En janvier, le chœur présenta, en l’église de La Tour-de-Trême, quatre motets a cappella de Carl Heinrich Graun. Lors du dimanche de la Pentecôte, il se rendit à Yverdon pour la Journée des Eglises de l’Expo.02 et chanta en compagnie de nombreuses formations chorales provenant de toute la Suisse. Le 15 décembre, le Chœur de &hellip; <a href="https://www.choeurdemay.ch/?page_id=414" class="more-link">Continuer la lecture de <span class="screen-reader-text">2002 &#8211; Graun | Expo.02 | Histoire de la Nativité de Schütz</span>  <span class="meta-nav">&rarr;</span></a></p>
