{"id":391,"date":"2018-04-09T17:50:04","date_gmt":"2018-04-09T15:50:04","guid":{"rendered":"http:\/\/www.choeurdemay.ch\/?page_id=391"},"modified":"2018-04-09T21:13:04","modified_gmt":"2018-04-09T19:13:04","slug":"concert-dans-le-cadre-du-festival-de-musiques-sacrees-de-fribourg-juillet-2016","status":"publish","type":"page","link":"https:\/\/www.choeurdemay.ch\/?page_id=391","title":{"rendered":"2016 &#8211; Bach avec Michel Corboz | Allegri et Zelenka | Tutti Canti | Musiques sacr\u00e9es | Concert de No\u00ebl"},"content":{"rendered":"<p>5 janvier 2016 : moment d&rsquo;exception pour le Choeur de May. Pr\u00e9par\u00e9 par Nicolas Wyssmueller, il interpr\u00e8te la Cantate BWV 78 \u00ab\u00a0Jesu der Du meine Seele\u00a0\u00bb de Johann Sebastian Bach dans le cadre du cycle \u00ab\u00a0Cantate et Parole\u00a0\u00bb, sous la direction du Maestro Michel Corboz!\u00a0 Avec Sylvie Wermeille, soprano, Jacky Cahen, alto, Tristan Blanchet, t\u00e9nor, Fabrice Hayoz, basse, et Denis Fedorov \u00e0 l&rsquo;orgue.<\/p>\n<p>Puis, en mars, il pr\u00e9sente un concert du Vendredi Saint avec deux Miserere : celui, tr\u00e8s connu, d&rsquo;Allegri ainsi que celui de Zelenka. Le public de Gruy\u00e8res a l&rsquo;occasion \u00e9galement de (r\u00e9)\u00e9couter la cantate 78 donn\u00e9e \u00e0 Lausanne.<\/p>\n<p><img loading=\"lazy\" decoding=\"async\" class=\"aligncenter size-large wp-image-501\" src=\"https:\/\/www.choeurdemay.ch\/wp-content\/uploads\/2018\/04\/1933354_975452579209253_4512087613004344386_o-724x1024.jpg\" alt=\"\" width=\"474\" height=\"670\" srcset=\"https:\/\/www.choeurdemay.ch\/wp-content\/uploads\/2018\/04\/1933354_975452579209253_4512087613004344386_o-724x1024.jpg 724w, https:\/\/www.choeurdemay.ch\/wp-content\/uploads\/2018\/04\/1933354_975452579209253_4512087613004344386_o-212x300.jpg 212w, https:\/\/www.choeurdemay.ch\/wp-content\/uploads\/2018\/04\/1933354_975452579209253_4512087613004344386_o.jpg 1200w\" sizes=\"auto, (max-width: 474px) 100vw, 474px\" \/><\/p>\n<p>La f\u00eate de la F\u00e9d\u00e9ration Fribourgeoise des Chorales (Tutti Canti) se tenait \u00e0 Bulle. Le Choeur de May\u00a0 y a particip\u00e9 tout d&rsquo;abord lors de la c\u00e9r\u00e9monie d&rsquo;ouverture, avec des extraits des Carmina Burana et des oeuvres de Vangelis et de Jenkins, en compagnie de la C\u00e9cilienne de La Tour-de-Tr\u00eame et du Club des Accord\u00e9onistes de la Ville de Bulle, sous la direction de Lionel Chappuis, le 25 mai puis par une prestation devant jury le 27 mai.<\/p>\n<p><img loading=\"lazy\" decoding=\"async\" class=\"aligncenter size-large wp-image-502\" src=\"https:\/\/www.choeurdemay.ch\/wp-content\/uploads\/2018\/04\/13247779_1022962481118173_8314056146877149718_o-1-1024x683.jpg\" alt=\"\" width=\"474\" height=\"316\" srcset=\"https:\/\/www.choeurdemay.ch\/wp-content\/uploads\/2018\/04\/13247779_1022962481118173_8314056146877149718_o-1-1024x683.jpg 1024w, https:\/\/www.choeurdemay.ch\/wp-content\/uploads\/2018\/04\/13247779_1022962481118173_8314056146877149718_o-1-300x200.jpg 300w, https:\/\/www.choeurdemay.ch\/wp-content\/uploads\/2018\/04\/13247779_1022962481118173_8314056146877149718_o-1.jpg 1152w\" sizes=\"auto, (max-width: 474px) 100vw, 474px\" \/><\/p>\n<p>En juillet, le Choeur de May a eu le privil\u00e8ge de participer au concert qui ouvrait le Festival de Musiques Sacr\u00e9es de Fribourg 2016, avec le Choeur Utopie et l&rsquo;ensemble vocal Emocio.<\/p>\n<p>Ecoutez le concert du 2 juillet 2016 enregistr\u00e9 par Espace 2 : <a href=\"http:\/\/www.rts.ch\/play\/radio\/lete-des-festivals\/audio\/festival-international-de-musiques-sacrees-de-fribourg?id=8708370#?station=a9e7621504c6959e35c3ecbe7f6bed0446cdf8da\">ici<\/a><\/p>\n<p><img loading=\"lazy\" decoding=\"async\" class=\"aligncenter size-large wp-image-142\" src=\"https:\/\/www.choeurdemay.ch\/wp-content\/uploads\/2017\/01\/FIMS_3-1024x715.jpg\" alt=\"\" width=\"474\" height=\"331\" srcset=\"https:\/\/www.choeurdemay.ch\/wp-content\/uploads\/2017\/01\/FIMS_3-1024x715.jpg 1024w, https:\/\/www.choeurdemay.ch\/wp-content\/uploads\/2017\/01\/FIMS_3-300x209.jpg 300w, https:\/\/www.choeurdemay.ch\/wp-content\/uploads\/2017\/01\/FIMS_3.jpg 2048w\" sizes=\"auto, (max-width: 474px) 100vw, 474px\" \/><\/p>\n<p>En d\u00e9cembre, le Choeur de May retourne \u00e0 Lausanne pour la cantatete \u00ab\u00a0Erw\u00fcnschtes Freudenlicht\u00a0\u00bb (BWV 184) et Charlotte M\u00fcller-Perrier,<wbr \/> soprano, Val\u00e9rie Bonnard, alto, Bertrand Bochud, t\u00e9nor et Jean-Luc Waeber, basse.<\/p>\n<p>Il termine l&rsquo;ann\u00e9e dans l&rsquo;\u00e9motion du dernier concert du Choeur des Armaillis de la Gruy\u00e8re sous la direction de Michel Corpataux.<\/p>\n<p><img loading=\"lazy\" decoding=\"async\" class=\"aligncenter size-large wp-image-504\" src=\"https:\/\/www.choeurdemay.ch\/wp-content\/uploads\/2018\/04\/15272074_1180385002049342_4390061338789444098_o-724x1024.jpg\" alt=\"\" width=\"474\" height=\"670\" srcset=\"https:\/\/www.choeurdemay.ch\/wp-content\/uploads\/2018\/04\/15272074_1180385002049342_4390061338789444098_o-724x1024.jpg 724w, https:\/\/www.choeurdemay.ch\/wp-content\/uploads\/2018\/04\/15272074_1180385002049342_4390061338789444098_o-212x300.jpg 212w, https:\/\/www.choeurdemay.ch\/wp-content\/uploads\/2018\/04\/15272074_1180385002049342_4390061338789444098_o.jpg 1400w\" sizes=\"auto, (max-width: 474px) 100vw, 474px\" \/><\/p>\n<p><a href=\"https:\/\/www.choeurdemay.ch\/?page_id=387\">VERS 2017 -&gt;<\/a><br \/>\n<a href=\"https:\/\/www.choeurdemay.ch\/?page_id=495\">&lt;- VERS 2015<\/a><\/p>\n","protected":false},"excerpt":{"rendered":"<p>5 janvier 2016 : moment d&rsquo;exception pour le Choeur de May. Pr\u00e9par\u00e9 par Nicolas Wyssmueller, il interpr\u00e8te la Cantate BWV 78 \u00ab\u00a0Jesu der Du meine Seele\u00a0\u00bb de Johann Sebastian Bach dans le cadre du cycle \u00ab\u00a0Cantate et Parole\u00a0\u00bb, sous la direction du Maestro Michel Corboz!\u00a0 Avec Sylvie Wermeille, soprano, Jacky Cahen, alto, Tristan Blanchet, t\u00e9nor, &hellip; <a href=\"https:\/\/www.choeurdemay.ch\/?page_id=391\" class=\"more-link\">Continuer la lecture de <span class=\"screen-reader-text\">2016 &#8211; Bach avec Michel Corboz | Allegri et Zelenka | Tutti Canti | Musiques sacr\u00e9es | Concert de No\u00ebl<\/span>  <span class=\"meta-nav\">&rarr;<\/span><\/a><\/p>\n","protected":false},"author":5,"featured_media":0,"parent":0,"menu_order":0,"comment_status":"closed","ping_status":"closed","template":"","meta":{"footnotes":""},"class_list":["post-391","page","type-page","status-publish","hentry"],"_links":{"self":[{"href":"https:\/\/www.choeurdemay.ch\/index.php?rest_route=\/wp\/v2\/pages\/391","targetHints":{"allow":["GET"]}}],"collection":[{"href":"https:\/\/www.choeurdemay.ch\/index.php?rest_route=\/wp\/v2\/pages"}],"about":[{"href":"https:\/\/www.choeurdemay.ch\/index.php?rest_route=\/wp\/v2\/types\/page"}],"author":[{"embeddable":true,"href":"https:\/\/www.choeurdemay.ch\/index.php?rest_route=\/wp\/v2\/users\/5"}],"replies":[{"embeddable":true,"href":"https:\/\/www.choeurdemay.ch\/index.php?rest_route=%2Fwp%2Fv2%2Fcomments&post=391"}],"version-history":[{"count":10,"href":"https:\/\/www.choeurdemay.ch\/index.php?rest_route=\/wp\/v2\/pages\/391\/revisions"}],"predecessor-version":[{"id":531,"href":"https:\/\/www.choeurdemay.ch\/index.php?rest_route=\/wp\/v2\/pages\/391\/revisions\/531"}],"wp:attachment":[{"href":"https:\/\/www.choeurdemay.ch\/index.php?rest_route=%2Fwp%2Fv2%2Fmedia&parent=391"}],"curies":[{"name":"wp","href":"https:\/\/api.w.org\/{rel}","templated":true}]}}

2016 &#8211; Bach avec Michel Corboz | Allegri et Zelenka | Tutti Canti | Musiques sacrées | Concert de Noël

<p>5 janvier 2016 : moment d&rsquo;exception pour le Choeur de May. Préparé par Nicolas Wyssmueller, il interprète la Cantate BWV 78 « Jesu der Du meine Seele » de Johann Sebastian Bach dans le cadre du cycle « Cantate et Parole », sous la direction du Maestro Michel Corboz!  Avec Sylvie Wermeille, soprano, Jacky Cahen, alto, Tristan Blanchet, ténor, Fabrice Hayoz, basse, et Denis Fedorov à l&rsquo;orgue.</p>
<p>Puis, en mars, il présente un concert du Vendredi Saint avec deux Miserere : celui, très connu, d&rsquo;Allegri ainsi que celui de Zelenka. Le public de Gruyères a l&rsquo;occasion également de (ré)écouter la cantate 78 donnée à Lausanne.</p>
<p><img loading="lazy" decoding="async" class="aligncenter size-large wp-image-501" src="https://www.choeurdemay.ch/wp-content/uploads/2018/04/1933354_975452579209253_4512087613004344386_o-724x1024.jpg" alt="" width="474" height="670" srcset="https://www.choeurdemay.ch/wp-content/uploads/2018/04/1933354_975452579209253_4512087613004344386_o-724x1024.jpg 724w, https://www.choeurdemay.ch/wp-content/uploads/2018/04/1933354_975452579209253_4512087613004344386_o-212x300.jpg 212w, https://www.choeurdemay.ch/wp-content/uploads/2018/04/1933354_975452579209253_4512087613004344386_o.jpg 1200w" sizes="auto, (max-width: 474px) 100vw, 474px" /></p>
<p>La fête de la Fédération Fribourgeoise des Chorales (Tutti Canti) se tenait à Bulle. Le Choeur de May  y a participé tout d&rsquo;abord lors de la cérémonie d&rsquo;ouverture, avec des extraits des Carmina Burana et des oeuvres de Vangelis et de Jenkins, en compagnie de la Cécilienne de La Tour-de-Trême et du Club des Accordéonistes de la Ville de Bulle, sous la direction de Lionel Chappuis, le 25 mai puis par une prestation devant jury le 27 mai.</p>
<p><img loading="lazy" decoding="async" class="aligncenter size-large wp-image-502" src="https://www.choeurdemay.ch/wp-content/uploads/2018/04/13247779_1022962481118173_8314056146877149718_o-1-1024x683.jpg" alt="" width="474" height="316" srcset="https://www.choeurdemay.ch/wp-content/uploads/2018/04/13247779_1022962481118173_8314056146877149718_o-1-1024x683.jpg 1024w, https://www.choeurdemay.ch/wp-content/uploads/2018/04/13247779_1022962481118173_8314056146877149718_o-1-300x200.jpg 300w, https://www.choeurdemay.ch/wp-content/uploads/2018/04/13247779_1022962481118173_8314056146877149718_o-1.jpg 1152w" sizes="auto, (max-width: 474px) 100vw, 474px" /></p>
<p>En juillet, le Choeur de May a eu le privilège de participer au concert qui ouvrait le Festival de Musiques Sacrées de Fribourg 2016, avec le Choeur Utopie et l&rsquo;ensemble vocal Emocio.</p>
<p>Ecoutez le concert du 2 juillet 2016 enregistré par Espace 2 : <a href="http://www.rts.ch/play/radio/lete-des-festivals/audio/festival-international-de-musiques-sacrees-de-fribourg?id=8708370#?station=a9e7621504c6959e35c3ecbe7f6bed0446cdf8da">ici</a></p>
<p><img loading="lazy" decoding="async" class="aligncenter size-large wp-image-142" src="https://www.choeurdemay.ch/wp-content/uploads/2017/01/FIMS_3-1024x715.jpg" alt="" width="474" height="331" srcset="https://www.choeurdemay.ch/wp-content/uploads/2017/01/FIMS_3-1024x715.jpg 1024w, https://www.choeurdemay.ch/wp-content/uploads/2017/01/FIMS_3-300x209.jpg 300w, https://www.choeurdemay.ch/wp-content/uploads/2017/01/FIMS_3.jpg 2048w" sizes="auto, (max-width: 474px) 100vw, 474px" /></p>
<p>En décembre, le Choeur de May retourne à Lausanne pour la cantatete « Erwünschtes Freudenlicht » (BWV 184) et Charlotte Müller-Perrier,<wbr /> soprano, Valérie Bonnard, alto, Bertrand Bochud, ténor et Jean-Luc Waeber, basse.</p>
<p>Il termine l&rsquo;année dans l&rsquo;émotion du dernier concert du Choeur des Armaillis de la Gruyère sous la direction de Michel Corpataux.</p>
<p><img loading="lazy" decoding="async" class="aligncenter size-large wp-image-504" src="https://www.choeurdemay.ch/wp-content/uploads/2018/04/15272074_1180385002049342_4390061338789444098_o-724x1024.jpg" alt="" width="474" height="670" srcset="https://www.choeurdemay.ch/wp-content/uploads/2018/04/15272074_1180385002049342_4390061338789444098_o-724x1024.jpg 724w, https://www.choeurdemay.ch/wp-content/uploads/2018/04/15272074_1180385002049342_4390061338789444098_o-212x300.jpg 212w, https://www.choeurdemay.ch/wp-content/uploads/2018/04/15272074_1180385002049342_4390061338789444098_o.jpg 1400w" sizes="auto, (max-width: 474px) 100vw, 474px" /></p>
<p><a href="https://www.choeurdemay.ch/?page_id=387">VERS 2017 -&gt;</a><br />
<a href="https://www.choeurdemay.ch/?page_id=495">&lt;- VERS 2015</a></p>

<p>5 janvier 2016 : moment d&rsquo;exception pour le Choeur de May. Préparé par Nicolas Wyssmueller, il interprète la Cantate BWV 78 « Jesu der Du meine Seele » de Johann Sebastian Bach dans le cadre du cycle « Cantate et Parole », sous la direction du Maestro Michel Corboz!  Avec Sylvie Wermeille, soprano, Jacky Cahen, alto, Tristan Blanchet, ténor, &hellip; <a href="https://www.choeurdemay.ch/?page_id=391" class="more-link">Continuer la lecture de <span class="screen-reader-text">2016 &#8211; Bach avec Michel Corboz | Allegri et Zelenka | Tutti Canti | Musiques sacrées | Concert de Noël</span>  <span class="meta-nav">&rarr;</span></a></p>
