{"id":387,"date":"2018-04-09T17:48:56","date_gmt":"2018-04-09T15:48:56","guid":{"rendered":"http:\/\/www.choeurdemay.ch\/?page_id=387"},"modified":"2018-04-09T21:11:31","modified_gmt":"2018-04-09T19:11:31","slug":"concert-du-vendredi-saint-2017-passion-selon-saint-jean","status":"publish","type":"page","link":"https:\/\/www.choeurdemay.ch\/?page_id=387","title":{"rendered":"2017 &#8211; Passion selon Saint Jean | Concert de l&rsquo;Avent \u00e0 Villars-sur-Gl\u00e2ne"},"content":{"rendered":"<p>En janvier 2017, le choeur L\u00e8 Riond\u00ean\u00e8 de Broc invita le Choeur de May pour un concert de l&rsquo;Epiphanie.<\/p>\n<p><img loading=\"lazy\" decoding=\"async\" class=\"aligncenter size-large wp-image-506\" src=\"https:\/\/www.choeurdemay.ch\/wp-content\/uploads\/2018\/04\/15844041_1233451180076057_1330321148868940428_o-730x1024.jpg\" alt=\"\" width=\"474\" height=\"665\" srcset=\"https:\/\/www.choeurdemay.ch\/wp-content\/uploads\/2018\/04\/15844041_1233451180076057_1330321148868940428_o-730x1024.jpg 730w, https:\/\/www.choeurdemay.ch\/wp-content\/uploads\/2018\/04\/15844041_1233451180076057_1330321148868940428_o-214x300.jpg 214w, https:\/\/www.choeurdemay.ch\/wp-content\/uploads\/2018\/04\/15844041_1233451180076057_1330321148868940428_o.jpg 1140w\" sizes=\"auto, (max-width: 474px) 100vw, 474px\" \/><\/p>\n<p>En avril 2017, avec quelques chanteurs suppl\u00e9mentaires ainsi que des solistes de renom, et la compagnie du Capriccio Barockorchester, le Choeur de May pr\u00e9senta la <em>Passion selon Saint Jean<\/em> de Johann Sebastian Bach, tout d&rsquo;abord \u00e0 Tafers en Singine puis dans le cadre du Concert du Vendredi Saint.<\/p>\n<p><img loading=\"lazy\" decoding=\"async\" class=\"aligncenter size-large wp-image-205\" src=\"https:\/\/www.choeurdemay.ch\/wp-content\/uploads\/2016\/04\/Passion-affiche-avril-2017-petit-724x1024.jpeg\" alt=\"\" width=\"474\" height=\"670\" srcset=\"https:\/\/www.choeurdemay.ch\/wp-content\/uploads\/2016\/04\/Passion-affiche-avril-2017-petit-724x1024.jpeg 724w, https:\/\/www.choeurdemay.ch\/wp-content\/uploads\/2016\/04\/Passion-affiche-avril-2017-petit-212x300.jpeg 212w, https:\/\/www.choeurdemay.ch\/wp-content\/uploads\/2016\/04\/Passion-affiche-avril-2017-petit.jpeg 1400w\" sizes=\"auto, (max-width: 474px) 100vw, 474px\" \/><\/p>\n<p>L&rsquo;accueil fut tr\u00e8s positif comme en t\u00e9moigne cette critique parue dans le journal <em>La Gruy\u00e8re<\/em> du 13 avril 2017.<\/p>\n<p><img loading=\"lazy\" decoding=\"async\" class=\"aligncenter size-full wp-image-281\" src=\"https:\/\/www.choeurdemay.ch\/wp-content\/uploads\/2017\/03\/WhatsApp-Image-2017-04-13-at-10.01.06.jpeg\" alt=\"\" width=\"960\" height=\"842\" srcset=\"https:\/\/www.choeurdemay.ch\/wp-content\/uploads\/2017\/03\/WhatsApp-Image-2017-04-13-at-10.01.06.jpeg 960w, https:\/\/www.choeurdemay.ch\/wp-content\/uploads\/2017\/03\/WhatsApp-Image-2017-04-13-at-10.01.06-300x263.jpeg 300w\" sizes=\"auto, (max-width: 960px) 100vw, 960px\" \/><\/p>\n<p>&nbsp;<\/p>\n<p>En septembre 2017, le Choeur de May pr\u00e9senta en l&rsquo;\u00e9glise n\u00e9o-gothique de La Tour-de-Tr\u00eame un floril\u00e8ge de pi\u00e8ces a cappella de la Renaissance \u00e0 nos jours : Monteverdi , Palestrina, Scarlatti, Bach, Mendelssohn, Rheinberger, Bruckner, Gounod, Rachmaninov, Tavner et Nystedt.<\/p>\n<p><img loading=\"lazy\" decoding=\"async\" class=\"aligncenter size-large wp-image-298\" src=\"https:\/\/www.choeurdemay.ch\/wp-content\/uploads\/2017\/03\/Affiche-17_web-724x1024.jpg\" alt=\"\" width=\"474\" height=\"670\" srcset=\"https:\/\/www.choeurdemay.ch\/wp-content\/uploads\/2017\/03\/Affiche-17_web-724x1024.jpg 724w, https:\/\/www.choeurdemay.ch\/wp-content\/uploads\/2017\/03\/Affiche-17_web-212x300.jpg 212w, https:\/\/www.choeurdemay.ch\/wp-content\/uploads\/2017\/03\/Affiche-17_web.jpg 1900w\" sizes=\"auto, (max-width: 474px) 100vw, 474px\" \/><\/p>\n<p>Enfin, le Choeur de May eut le privil\u00e8ge de chanter le dernier concert de l&rsquo;Avent de Villars-sur-Gl\u00e2ne. Son chef Nicolas Wyssmueller proposa des No\u00ebls a cappella, une cantate chorale de Buxtehude ainsi que trois <em>Magnificats<\/em> baroques de Monteverdi, Charpentier et Durante. Le Choeur de May est accompagn\u00e9e par le Capriccio Barockorchester de B\u00e2le et les solistes Corinne Vallat, soprano, Anne Vuilleumier, soprano, Simon Savoy, alto, Mathias Reusser, t\u00e9nor, Simon Jordan, t\u00e9nor et Nicolas Pernet, basse.<\/p>\n<p><a href=\"https:\/\/www.choeurdemay.ch\/?page_id=384\">VERS 2018 -&gt;<\/a><br \/>\n<a href=\"https:\/\/www.choeurdemay.ch\/?page_id=391\">&lt;- VERS 2016<\/a><\/p>\n","protected":false},"excerpt":{"rendered":"<p>En janvier 2017, le choeur L\u00e8 Riond\u00ean\u00e8 de Broc invita le Choeur de May pour un concert de l&rsquo;Epiphanie. En avril 2017, avec quelques chanteurs suppl\u00e9mentaires ainsi que des solistes de renom, et la compagnie du Capriccio Barockorchester, le Choeur de May pr\u00e9senta la Passion selon Saint Jean de Johann Sebastian Bach, tout d&rsquo;abord \u00e0 &hellip; <a href=\"https:\/\/www.choeurdemay.ch\/?page_id=387\" class=\"more-link\">Continuer la lecture de <span class=\"screen-reader-text\">2017 &#8211; Passion selon Saint Jean | Concert de l&rsquo;Avent \u00e0 Villars-sur-Gl\u00e2ne<\/span>  <span class=\"meta-nav\">&rarr;<\/span><\/a><\/p>\n","protected":false},"author":5,"featured_media":0,"parent":0,"menu_order":0,"comment_status":"closed","ping_status":"closed","template":"","meta":{"footnotes":""},"class_list":["post-387","page","type-page","status-publish","hentry"],"_links":{"self":[{"href":"https:\/\/www.choeurdemay.ch\/index.php?rest_route=\/wp\/v2\/pages\/387","targetHints":{"allow":["GET"]}}],"collection":[{"href":"https:\/\/www.choeurdemay.ch\/index.php?rest_route=\/wp\/v2\/pages"}],"about":[{"href":"https:\/\/www.choeurdemay.ch\/index.php?rest_route=\/wp\/v2\/types\/page"}],"author":[{"embeddable":true,"href":"https:\/\/www.choeurdemay.ch\/index.php?rest_route=\/wp\/v2\/users\/5"}],"replies":[{"embeddable":true,"href":"https:\/\/www.choeurdemay.ch\/index.php?rest_route=%2Fwp%2Fv2%2Fcomments&post=387"}],"version-history":[{"count":7,"href":"https:\/\/www.choeurdemay.ch\/index.php?rest_route=\/wp\/v2\/pages\/387\/revisions"}],"predecessor-version":[{"id":529,"href":"https:\/\/www.choeurdemay.ch\/index.php?rest_route=\/wp\/v2\/pages\/387\/revisions\/529"}],"wp:attachment":[{"href":"https:\/\/www.choeurdemay.ch\/index.php?rest_route=%2Fwp%2Fv2%2Fmedia&parent=387"}],"curies":[{"name":"wp","href":"https:\/\/api.w.org\/{rel}","templated":true}]}}

2017 &#8211; Passion selon Saint Jean | Concert de l&rsquo;Avent à Villars-sur-Glâne

<p>En janvier 2017, le choeur Lè Riondênè de Broc invita le Choeur de May pour un concert de l&rsquo;Epiphanie.</p>
<p><img loading="lazy" decoding="async" class="aligncenter size-large wp-image-506" src="https://www.choeurdemay.ch/wp-content/uploads/2018/04/15844041_1233451180076057_1330321148868940428_o-730x1024.jpg" alt="" width="474" height="665" srcset="https://www.choeurdemay.ch/wp-content/uploads/2018/04/15844041_1233451180076057_1330321148868940428_o-730x1024.jpg 730w, https://www.choeurdemay.ch/wp-content/uploads/2018/04/15844041_1233451180076057_1330321148868940428_o-214x300.jpg 214w, https://www.choeurdemay.ch/wp-content/uploads/2018/04/15844041_1233451180076057_1330321148868940428_o.jpg 1140w" sizes="auto, (max-width: 474px) 100vw, 474px" /></p>
<p>En avril 2017, avec quelques chanteurs supplémentaires ainsi que des solistes de renom, et la compagnie du Capriccio Barockorchester, le Choeur de May présenta la <em>Passion selon Saint Jean</em> de Johann Sebastian Bach, tout d&rsquo;abord à Tafers en Singine puis dans le cadre du Concert du Vendredi Saint.</p>
<p><img loading="lazy" decoding="async" class="aligncenter size-large wp-image-205" src="https://www.choeurdemay.ch/wp-content/uploads/2016/04/Passion-affiche-avril-2017-petit-724x1024.jpeg" alt="" width="474" height="670" srcset="https://www.choeurdemay.ch/wp-content/uploads/2016/04/Passion-affiche-avril-2017-petit-724x1024.jpeg 724w, https://www.choeurdemay.ch/wp-content/uploads/2016/04/Passion-affiche-avril-2017-petit-212x300.jpeg 212w, https://www.choeurdemay.ch/wp-content/uploads/2016/04/Passion-affiche-avril-2017-petit.jpeg 1400w" sizes="auto, (max-width: 474px) 100vw, 474px" /></p>
<p>L&rsquo;accueil fut très positif comme en témoigne cette critique parue dans le journal <em>La Gruyère</em> du 13 avril 2017.</p>
<p><img loading="lazy" decoding="async" class="aligncenter size-full wp-image-281" src="https://www.choeurdemay.ch/wp-content/uploads/2017/03/WhatsApp-Image-2017-04-13-at-10.01.06.jpeg" alt="" width="960" height="842" srcset="https://www.choeurdemay.ch/wp-content/uploads/2017/03/WhatsApp-Image-2017-04-13-at-10.01.06.jpeg 960w, https://www.choeurdemay.ch/wp-content/uploads/2017/03/WhatsApp-Image-2017-04-13-at-10.01.06-300x263.jpeg 300w" sizes="auto, (max-width: 960px) 100vw, 960px" /></p>
<p>&nbsp;</p>
<p>En septembre 2017, le Choeur de May présenta en l&rsquo;église néo-gothique de La Tour-de-Trême un florilège de pièces a cappella de la Renaissance à nos jours : Monteverdi , Palestrina, Scarlatti, Bach, Mendelssohn, Rheinberger, Bruckner, Gounod, Rachmaninov, Tavner et Nystedt.</p>
<p><img loading="lazy" decoding="async" class="aligncenter size-large wp-image-298" src="https://www.choeurdemay.ch/wp-content/uploads/2017/03/Affiche-17_web-724x1024.jpg" alt="" width="474" height="670" srcset="https://www.choeurdemay.ch/wp-content/uploads/2017/03/Affiche-17_web-724x1024.jpg 724w, https://www.choeurdemay.ch/wp-content/uploads/2017/03/Affiche-17_web-212x300.jpg 212w, https://www.choeurdemay.ch/wp-content/uploads/2017/03/Affiche-17_web.jpg 1900w" sizes="auto, (max-width: 474px) 100vw, 474px" /></p>
<p>Enfin, le Choeur de May eut le privilège de chanter le dernier concert de l&rsquo;Avent de Villars-sur-Glâne. Son chef Nicolas Wyssmueller proposa des Noëls a cappella, une cantate chorale de Buxtehude ainsi que trois <em>Magnificats</em> baroques de Monteverdi, Charpentier et Durante. Le Choeur de May est accompagnée par le Capriccio Barockorchester de Bâle et les solistes Corinne Vallat, soprano, Anne Vuilleumier, soprano, Simon Savoy, alto, Mathias Reusser, ténor, Simon Jordan, ténor et Nicolas Pernet, basse.</p>
<p><a href="https://www.choeurdemay.ch/?page_id=384">VERS 2018 -&gt;</a><br />
<a href="https://www.choeurdemay.ch/?page_id=391">&lt;- VERS 2016</a></p>

<p>En janvier 2017, le choeur Lè Riondênè de Broc invita le Choeur de May pour un concert de l&rsquo;Epiphanie. En avril 2017, avec quelques chanteurs supplémentaires ainsi que des solistes de renom, et la compagnie du Capriccio Barockorchester, le Choeur de May présenta la Passion selon Saint Jean de Johann Sebastian Bach, tout d&rsquo;abord à &hellip; <a href="https://www.choeurdemay.ch/?page_id=387" class="more-link">Continuer la lecture de <span class="screen-reader-text">2017 &#8211; Passion selon Saint Jean | Concert de l&rsquo;Avent à Villars-sur-Glâne</span>  <span class="meta-nav">&rarr;</span></a></p>
