{"id":250,"date":"2017-03-22T02:09:24","date_gmt":"2017-03-22T00:09:24","guid":{"rendered":"http:\/\/www.choeurdemay.ch\/?page_id=250"},"modified":"2017-04-30T15:39:01","modified_gmt":"2017-04-30T13:39:01","slug":"extraits-musicaux","status":"publish","type":"page","link":"https:\/\/www.choeurdemay.ch\/?page_id=250","title":{"rendered":"Extraits musicaux"},"content":{"rendered":"<p>Extraits musicaux du concert du 2 juillet 2016 \u00e0 l&rsquo;\u00e9glise du Coll\u00e8ge Saint-Michel, dans le cadre du Festival de Musiques Sacr\u00e9es de Fribourg<\/p>\n<p>Enregistrement : Espace 2 (avec nos remerciements!)<\/p>\n<p>Chant gr\u00e9gorien : Attende Domine<\/p>\n<audio class=\"wp-audio-shortcode\" id=\"audio-250-1\" preload=\"none\" style=\"width: 100%;\" controls=\"controls\"><source type=\"audio\/mpeg\" src=\"https:\/\/www.choeurdemay.ch\/wp-content\/uploads\/2017\/03\/02-1-Attende-Domine.mp3?_=1\" \/><a href=\"https:\/\/www.choeurdemay.ch\/wp-content\/uploads\/2017\/03\/02-1-Attende-Domine.mp3\">https:\/\/www.choeurdemay.ch\/wp-content\/uploads\/2017\/03\/02-1-Attende-Domine.mp3<\/a><\/audio>\n<p>Chant gr\u00e9gorien : Puer natus est<\/p>\n<audio class=\"wp-audio-shortcode\" id=\"audio-250-2\" preload=\"none\" style=\"width: 100%;\" controls=\"controls\"><source type=\"audio\/mpeg\" src=\"https:\/\/www.choeurdemay.ch\/wp-content\/uploads\/2017\/03\/03-2-Puer-natus-es.mp3?_=2\" \/><a href=\"https:\/\/www.choeurdemay.ch\/wp-content\/uploads\/2017\/03\/03-2-Puer-natus-es.mp3\">https:\/\/www.choeurdemay.ch\/wp-content\/uploads\/2017\/03\/03-2-Puer-natus-es.mp3<\/a><\/audio>\n<p>Diego Dias Melgas (1638 \u2013 1700) : Malos male perdet<\/p>\n<audio class=\"wp-audio-shortcode\" id=\"audio-250-3\" preload=\"none\" style=\"width: 100%;\" controls=\"controls\"><source type=\"audio\/mpeg\" src=\"https:\/\/www.choeurdemay.ch\/wp-content\/uploads\/2017\/03\/07-6-Dias-Melgas-_-Malos-male-perdet.mp3?_=3\" \/><a href=\"https:\/\/www.choeurdemay.ch\/wp-content\/uploads\/2017\/03\/07-6-Dias-Melgas-_-Malos-male-perdet.mp3\">https:\/\/www.choeurdemay.ch\/wp-content\/uploads\/2017\/03\/07-6-Dias-Melgas-_-Malos-male-perdet.mp3<\/a><\/audio>\n<p>Sergei Rachmaninov\u00a0 (1873 \u2013 1943) : Bogor\u00f3\u0111itsye \u0111yevo<\/p>\n<audio class=\"wp-audio-shortcode\" id=\"audio-250-4\" preload=\"none\" style=\"width: 100%;\" controls=\"controls\"><source type=\"audio\/mpeg\" src=\"https:\/\/www.choeurdemay.ch\/wp-content\/uploads\/2017\/03\/14-13-Bis-Rachmaninov-_-Bogoro\u0301\u0111itsye-\u0111yevo.mp3?_=4\" \/><a href=\"https:\/\/www.choeurdemay.ch\/wp-content\/uploads\/2017\/03\/14-13-Bis-Rachmaninov-_-Bogoro\u0301\u0111itsye-\u0111yevo.mp3\">https:\/\/www.choeurdemay.ch\/wp-content\/uploads\/2017\/03\/14-13-Bis-Rachmaninov-_-Bogoro\u0301\u0111itsye-\u0111yevo.mp3<\/a><\/audio>\n<p>Ola Gjeilo (n\u00e9 en 1978) : Ubi Caritas<\/p>\n<audio class=\"wp-audio-shortcode\" id=\"audio-250-5\" preload=\"none\" style=\"width: 100%;\" controls=\"controls\"><source type=\"audio\/mpeg\" src=\"https:\/\/www.choeurdemay.ch\/wp-content\/uploads\/2017\/03\/11-10-Gjeilo-_-Ubi-caritas.mp3?_=5\" \/><a href=\"https:\/\/www.choeurdemay.ch\/wp-content\/uploads\/2017\/03\/11-10-Gjeilo-_-Ubi-caritas.mp3\">https:\/\/www.choeurdemay.ch\/wp-content\/uploads\/2017\/03\/11-10-Gjeilo-_-Ubi-caritas.mp3<\/a><\/audio>\n<p>Joseph Bovet : Nouthra Dona di Maortze (1879 \u2013 1951)<\/p>\n<audio class=\"wp-audio-shortcode\" id=\"audio-250-6\" preload=\"none\" style=\"width: 100%;\" controls=\"controls\"><source type=\"audio\/mpeg\" src=\"https:\/\/www.choeurdemay.ch\/wp-content\/uploads\/2017\/03\/13-12-Bovet-_-Nouthra-Dona-di-Maortze.mp3?_=6\" \/><a href=\"https:\/\/www.choeurdemay.ch\/wp-content\/uploads\/2017\/03\/13-12-Bovet-_-Nouthra-Dona-di-Maortze.mp3\">https:\/\/www.choeurdemay.ch\/wp-content\/uploads\/2017\/03\/13-12-Bovet-_-Nouthra-Dona-di-Maortze.mp3<\/a><\/audio>\n","protected":false},"excerpt":{"rendered":"<p>Extraits musicaux du concert du 2 juillet 2016 \u00e0 l&rsquo;\u00e9glise du Coll\u00e8ge Saint-Michel, dans le cadre du Festival de Musiques Sacr\u00e9es de Fribourg Enregistrement : Espace 2 (avec nos remerciements!) Chant gr\u00e9gorien : Attende Domine Chant gr\u00e9gorien : Puer natus est Diego Dias Melgas (1638 \u2013 1700) : Malos male perdet Sergei Rachmaninov\u00a0 (1873 \u2013 &hellip; <a href=\"https:\/\/www.choeurdemay.ch\/?page_id=250\" class=\"more-link\">Continuer la lecture de <span class=\"screen-reader-text\">Extraits musicaux<\/span>  <span class=\"meta-nav\">&rarr;<\/span><\/a><\/p>\n","protected":false},"author":5,"featured_media":0,"parent":0,"menu_order":0,"comment_status":"closed","ping_status":"closed","template":"","meta":{"footnotes":""},"class_list":["post-250","page","type-page","status-publish","hentry"],"_links":{"self":[{"href":"https:\/\/www.choeurdemay.ch\/index.php?rest_route=\/wp\/v2\/pages\/250","targetHints":{"allow":["GET"]}}],"collection":[{"href":"https:\/\/www.choeurdemay.ch\/index.php?rest_route=\/wp\/v2\/pages"}],"about":[{"href":"https:\/\/www.choeurdemay.ch\/index.php?rest_route=\/wp\/v2\/types\/page"}],"author":[{"embeddable":true,"href":"https:\/\/www.choeurdemay.ch\/index.php?rest_route=\/wp\/v2\/users\/5"}],"replies":[{"embeddable":true,"href":"https:\/\/www.choeurdemay.ch\/index.php?rest_route=%2Fwp%2Fv2%2Fcomments&post=250"}],"version-history":[{"count":2,"href":"https:\/\/www.choeurdemay.ch\/index.php?rest_route=\/wp\/v2\/pages\/250\/revisions"}],"predecessor-version":[{"id":285,"href":"https:\/\/www.choeurdemay.ch\/index.php?rest_route=\/wp\/v2\/pages\/250\/revisions\/285"}],"wp:attachment":[{"href":"https:\/\/www.choeurdemay.ch\/index.php?rest_route=%2Fwp%2Fv2%2Fmedia&parent=250"}],"curies":[{"name":"wp","href":"https:\/\/api.w.org\/{rel}","templated":true}]}}

<p>Extraits musicaux du concert du 2 juillet 2016 à l&rsquo;église du Collège Saint-Michel, dans le cadre du Festival de Musiques Sacrées de Fribourg</p>
<p>Enregistrement : Espace 2 (avec nos remerciements!)</p>
<p>Chant grégorien : Attende Domine</p>
<audio class="wp-audio-shortcode" id="audio-250-1" preload="none" style="width: 100%;" controls="controls"><source type="audio/mpeg" src="https://www.choeurdemay.ch/wp-content/uploads/2017/03/02-1-Attende-Domine.mp3?_=1" /><a href="https://www.choeurdemay.ch/wp-content/uploads/2017/03/02-1-Attende-Domine.mp3">https://www.choeurdemay.ch/wp-content/uploads/2017/03/02-1-Attende-Domine.mp3</a></audio>
<p>Chant grégorien : Puer natus est</p>
<audio class="wp-audio-shortcode" id="audio-250-2" preload="none" style="width: 100%;" controls="controls"><source type="audio/mpeg" src="https://www.choeurdemay.ch/wp-content/uploads/2017/03/03-2-Puer-natus-es.mp3?_=2" /><a href="https://www.choeurdemay.ch/wp-content/uploads/2017/03/03-2-Puer-natus-es.mp3">https://www.choeurdemay.ch/wp-content/uploads/2017/03/03-2-Puer-natus-es.mp3</a></audio>
<p>Diego Dias Melgas (1638 – 1700) : Malos male perdet</p>
<audio class="wp-audio-shortcode" id="audio-250-3" preload="none" style="width: 100%;" controls="controls"><source type="audio/mpeg" src="https://www.choeurdemay.ch/wp-content/uploads/2017/03/07-6-Dias-Melgas-_-Malos-male-perdet.mp3?_=3" /><a href="https://www.choeurdemay.ch/wp-content/uploads/2017/03/07-6-Dias-Melgas-_-Malos-male-perdet.mp3">https://www.choeurdemay.ch/wp-content/uploads/2017/03/07-6-Dias-Melgas-_-Malos-male-perdet.mp3</a></audio>
<p>Sergei Rachmaninov  (1873 – 1943) : Bogoróđitsye đyevo</p>
<audio class="wp-audio-shortcode" id="audio-250-4" preload="none" style="width: 100%;" controls="controls"><source type="audio/mpeg" src="https://www.choeurdemay.ch/wp-content/uploads/2017/03/14-13-Bis-Rachmaninov-_-Bogoróđitsye-đyevo.mp3?_=4" /><a href="https://www.choeurdemay.ch/wp-content/uploads/2017/03/14-13-Bis-Rachmaninov-_-Bogoróđitsye-đyevo.mp3">https://www.choeurdemay.ch/wp-content/uploads/2017/03/14-13-Bis-Rachmaninov-_-Bogoróđitsye-đyevo.mp3</a></audio>
<p>Ola Gjeilo (né en 1978) : Ubi Caritas</p>
<audio class="wp-audio-shortcode" id="audio-250-5" preload="none" style="width: 100%;" controls="controls"><source type="audio/mpeg" src="https://www.choeurdemay.ch/wp-content/uploads/2017/03/11-10-Gjeilo-_-Ubi-caritas.mp3?_=5" /><a href="https://www.choeurdemay.ch/wp-content/uploads/2017/03/11-10-Gjeilo-_-Ubi-caritas.mp3">https://www.choeurdemay.ch/wp-content/uploads/2017/03/11-10-Gjeilo-_-Ubi-caritas.mp3</a></audio>
<p>Joseph Bovet : Nouthra Dona di Maortze (1879 – 1951)</p>
<audio class="wp-audio-shortcode" id="audio-250-6" preload="none" style="width: 100%;" controls="controls"><source type="audio/mpeg" src="https://www.choeurdemay.ch/wp-content/uploads/2017/03/13-12-Bovet-_-Nouthra-Dona-di-Maortze.mp3?_=6" /><a href="https://www.choeurdemay.ch/wp-content/uploads/2017/03/13-12-Bovet-_-Nouthra-Dona-di-Maortze.mp3">https://www.choeurdemay.ch/wp-content/uploads/2017/03/13-12-Bovet-_-Nouthra-Dona-di-Maortze.mp3</a></audio>

<p>Extraits musicaux du concert du 2 juillet 2016 à l&rsquo;église du Collège Saint-Michel, dans le cadre du Festival de Musiques Sacrées de Fribourg Enregistrement : Espace 2 (avec nos remerciements!) Chant grégorien : Attende Domine Chant grégorien : Puer natus est Diego Dias Melgas (1638 – 1700) : Malos male perdet Sergei Rachmaninov  (1873 – &hellip; <a href="https://www.choeurdemay.ch/?page_id=250" class="more-link">Continuer la lecture de <span class="screen-reader-text">Extraits musicaux</span>  <span class="meta-nav">&rarr;</span></a></p>
