{"id":1313,"date":"2024-10-27T21:32:15","date_gmt":"2024-10-27T19:32:15","guid":{"rendered":"https:\/\/www.choeurdemay.ch\/?page_id=1313"},"modified":"2024-10-27T21:49:04","modified_gmt":"2024-10-27T19:49:04","slug":"2024-concert-de-noel","status":"publish","type":"page","link":"https:\/\/www.choeurdemay.ch\/?page_id=1313","title":{"rendered":"2024 \u2013 Concert de No\u00ebl"},"content":{"rendered":"\n<h4 class=\"wp-block-heading\" id=\"block-ac2a8a4e-1c63-4708-8229-2bd04834d1ff\"><strong>Dimanche 15 d\u00e9cembre 2024 | 17h00<\/strong><br><strong>Chapelle de Notre-Dame de Compassion | Bulle<\/strong><\/h4>\n\n\n\n<p class=\"wp-block-paragraph\" id=\"block-4c7ea04d-9eaf-49ca-9541-ca706d9db44d\">Entr\u00e9e libre | Collecte<\/p>\n\n\n\n<p class=\"wp-block-paragraph\">Avec l&rsquo;Octuor d&rsquo;hommes <a href=\"https:\/\/voueno.ch\/\">Les Vou\u00e8no<\/a><\/p>\n\n\n\n<figure class=\"wp-block-image size-large\"><img loading=\"lazy\" decoding=\"async\" width=\"1024\" height=\"722\" src=\"https:\/\/www.choeurdemay.ch\/wp-content\/uploads\/2024\/10\/CdM-Concert-de-Noel-2024-avec-Les-Voueno-Flyer-1024x722.png\" alt=\"\" class=\"wp-image-1300\" srcset=\"https:\/\/www.choeurdemay.ch\/wp-content\/uploads\/2024\/10\/CdM-Concert-de-Noel-2024-avec-Les-Voueno-Flyer-1024x722.png 1024w, https:\/\/www.choeurdemay.ch\/wp-content\/uploads\/2024\/10\/CdM-Concert-de-Noel-2024-avec-Les-Voueno-Flyer-300x211.png 300w, https:\/\/www.choeurdemay.ch\/wp-content\/uploads\/2024\/10\/CdM-Concert-de-Noel-2024-avec-Les-Voueno-Flyer-768x541.png 768w, https:\/\/www.choeurdemay.ch\/wp-content\/uploads\/2024\/10\/CdM-Concert-de-Noel-2024-avec-Les-Voueno-Flyer-1536x1083.png 1536w, https:\/\/www.choeurdemay.ch\/wp-content\/uploads\/2024\/10\/CdM-Concert-de-Noel-2024-avec-Les-Voueno-Flyer-2048x1443.png 2048w\" sizes=\"auto, (max-width: 1024px) 100vw, 1024px\" \/><\/figure>\n","protected":false},"excerpt":{"rendered":"<p>Dimanche 15 d\u00e9cembre 2024 | 17h00Chapelle de Notre-Dame de Compassion | Bulle Entr\u00e9e libre | Collecte Avec l&rsquo;Octuor d&rsquo;hommes Les Vou\u00e8no<\/p>\n","protected":false},"author":5,"featured_media":0,"parent":0,"menu_order":0,"comment_status":"closed","ping_status":"closed","template":"","meta":{"footnotes":""},"class_list":["post-1313","page","type-page","status-publish","hentry"],"_links":{"self":[{"href":"https:\/\/www.choeurdemay.ch\/index.php?rest_route=\/wp\/v2\/pages\/1313","targetHints":{"allow":["GET"]}}],"collection":[{"href":"https:\/\/www.choeurdemay.ch\/index.php?rest_route=\/wp\/v2\/pages"}],"about":[{"href":"https:\/\/www.choeurdemay.ch\/index.php?rest_route=\/wp\/v2\/types\/page"}],"author":[{"embeddable":true,"href":"https:\/\/www.choeurdemay.ch\/index.php?rest_route=\/wp\/v2\/users\/5"}],"replies":[{"embeddable":true,"href":"https:\/\/www.choeurdemay.ch\/index.php?rest_route=%2Fwp%2Fv2%2Fcomments&post=1313"}],"version-history":[{"count":6,"href":"https:\/\/www.choeurdemay.ch\/index.php?rest_route=\/wp\/v2\/pages\/1313\/revisions"}],"predecessor-version":[{"id":1332,"href":"https:\/\/www.choeurdemay.ch\/index.php?rest_route=\/wp\/v2\/pages\/1313\/revisions\/1332"}],"wp:attachment":[{"href":"https:\/\/www.choeurdemay.ch\/index.php?rest_route=%2Fwp%2Fv2%2Fmedia&parent=1313"}],"curies":[{"name":"wp","href":"https:\/\/api.w.org\/{rel}","templated":true}]}}

2024 – Concert de Noël

<h4 class="wp-block-heading" id="block-ac2a8a4e-1c63-4708-8229-2bd04834d1ff"><strong>Dimanche 15 décembre 2024 | 17h00</strong><br><strong>Chapelle de Notre-Dame de Compassion | Bulle</strong></h4>



<p class="wp-block-paragraph" id="block-4c7ea04d-9eaf-49ca-9541-ca706d9db44d">Entrée libre | Collecte</p>



<p class="wp-block-paragraph">Avec l&rsquo;Octuor d&rsquo;hommes <a href="https://voueno.ch/">Les Vouèno</a></p>



<figure class="wp-block-image size-large"><img loading="lazy" decoding="async" width="1024" height="722" src="https://www.choeurdemay.ch/wp-content/uploads/2024/10/CdM-Concert-de-Noel-2024-avec-Les-Voueno-Flyer-1024x722.png" alt="" class="wp-image-1300" srcset="https://www.choeurdemay.ch/wp-content/uploads/2024/10/CdM-Concert-de-Noel-2024-avec-Les-Voueno-Flyer-1024x722.png 1024w, https://www.choeurdemay.ch/wp-content/uploads/2024/10/CdM-Concert-de-Noel-2024-avec-Les-Voueno-Flyer-300x211.png 300w, https://www.choeurdemay.ch/wp-content/uploads/2024/10/CdM-Concert-de-Noel-2024-avec-Les-Voueno-Flyer-768x541.png 768w, https://www.choeurdemay.ch/wp-content/uploads/2024/10/CdM-Concert-de-Noel-2024-avec-Les-Voueno-Flyer-1536x1083.png 1536w, https://www.choeurdemay.ch/wp-content/uploads/2024/10/CdM-Concert-de-Noel-2024-avec-Les-Voueno-Flyer-2048x1443.png 2048w" sizes="auto, (max-width: 1024px) 100vw, 1024px" /></figure>

<p>Dimanche 15 décembre 2024 | 17h00Chapelle de Notre-Dame de Compassion | Bulle Entrée libre | Collecte Avec l&rsquo;Octuor d&rsquo;hommes Les Vouèno</p>
