{"id":1268,"date":"2024-03-10T18:11:06","date_gmt":"2024-03-10T16:11:06","guid":{"rendered":"https:\/\/www.choeurdemay.ch\/?page_id=1268"},"modified":"2024-03-11T12:53:29","modified_gmt":"2024-03-11T10:53:29","slug":"2024-concert-du-vendredi-saint","status":"publish","type":"page","link":"https:\/\/www.choeurdemay.ch\/?page_id=1268","title":{"rendered":"2024 \u2013 Concert du Vendredi Saint"},"content":{"rendered":"\n<h4 class=\"wp-block-heading\"><strong>Vendredi 29 mars 2024 | 11h00<\/strong><br><strong>\u00c9glise Saint Th\u00e9odule | Gruy\u00e8res<\/strong><\/h4>\n\n\n\n<p class=\"wp-block-paragraph\">Entr\u00e9e libre | Collecte<\/p>\n\n\n<div class=\"wp-block-image\">\n<figure class=\"aligncenter size-large\"><img loading=\"lazy\" decoding=\"async\" width=\"724\" height=\"1024\" src=\"https:\/\/www.choeurdemay.ch\/wp-content\/uploads\/2024\/03\/d91afcf9-6485-4a6d-9172-e28c3ce09c74-724x1024.jpg\" alt=\"\" class=\"wp-image-1282\" srcset=\"https:\/\/www.choeurdemay.ch\/wp-content\/uploads\/2024\/03\/d91afcf9-6485-4a6d-9172-e28c3ce09c74-724x1024.jpg 724w, https:\/\/www.choeurdemay.ch\/wp-content\/uploads\/2024\/03\/d91afcf9-6485-4a6d-9172-e28c3ce09c74-212x300.jpg 212w, https:\/\/www.choeurdemay.ch\/wp-content\/uploads\/2024\/03\/d91afcf9-6485-4a6d-9172-e28c3ce09c74-768x1086.jpg 768w, https:\/\/www.choeurdemay.ch\/wp-content\/uploads\/2024\/03\/d91afcf9-6485-4a6d-9172-e28c3ce09c74-1086x1536.jpg 1086w, https:\/\/www.choeurdemay.ch\/wp-content\/uploads\/2024\/03\/d91afcf9-6485-4a6d-9172-e28c3ce09c74.jpg 1131w\" sizes=\"auto, (max-width: 724px) 100vw, 724px\" \/><\/figure>\n<\/div>","protected":false},"excerpt":{"rendered":"<p>Vendredi 29 mars 2024 | 11h00\u00c9glise Saint Th\u00e9odule | Gruy\u00e8res Entr\u00e9e libre | Collecte<\/p>\n","protected":false},"author":5,"featured_media":0,"parent":0,"menu_order":0,"comment_status":"closed","ping_status":"closed","template":"","meta":{"footnotes":""},"class_list":["post-1268","page","type-page","status-publish","hentry"],"_links":{"self":[{"href":"https:\/\/www.choeurdemay.ch\/index.php?rest_route=\/wp\/v2\/pages\/1268","targetHints":{"allow":["GET"]}}],"collection":[{"href":"https:\/\/www.choeurdemay.ch\/index.php?rest_route=\/wp\/v2\/pages"}],"about":[{"href":"https:\/\/www.choeurdemay.ch\/index.php?rest_route=\/wp\/v2\/types\/page"}],"author":[{"embeddable":true,"href":"https:\/\/www.choeurdemay.ch\/index.php?rest_route=\/wp\/v2\/users\/5"}],"replies":[{"embeddable":true,"href":"https:\/\/www.choeurdemay.ch\/index.php?rest_route=%2Fwp%2Fv2%2Fcomments&post=1268"}],"version-history":[{"count":4,"href":"https:\/\/www.choeurdemay.ch\/index.php?rest_route=\/wp\/v2\/pages\/1268\/revisions"}],"predecessor-version":[{"id":1284,"href":"https:\/\/www.choeurdemay.ch\/index.php?rest_route=\/wp\/v2\/pages\/1268\/revisions\/1284"}],"wp:attachment":[{"href":"https:\/\/www.choeurdemay.ch\/index.php?rest_route=%2Fwp%2Fv2%2Fmedia&parent=1268"}],"curies":[{"name":"wp","href":"https:\/\/api.w.org\/{rel}","templated":true}]}}

<h4 class="wp-block-heading"><strong>Vendredi 29 mars 2024 | 11h00</strong><br><strong>Église Saint Théodule | Gruyères</strong></h4>



<p class="wp-block-paragraph">Entrée libre | Collecte</p>


<div class="wp-block-image">
<figure class="aligncenter size-large"><img loading="lazy" decoding="async" width="724" height="1024" src="https://www.choeurdemay.ch/wp-content/uploads/2024/03/d91afcf9-6485-4a6d-9172-e28c3ce09c74-724x1024.jpg" alt="" class="wp-image-1282" srcset="https://www.choeurdemay.ch/wp-content/uploads/2024/03/d91afcf9-6485-4a6d-9172-e28c3ce09c74-724x1024.jpg 724w, https://www.choeurdemay.ch/wp-content/uploads/2024/03/d91afcf9-6485-4a6d-9172-e28c3ce09c74-212x300.jpg 212w, https://www.choeurdemay.ch/wp-content/uploads/2024/03/d91afcf9-6485-4a6d-9172-e28c3ce09c74-768x1086.jpg 768w, https://www.choeurdemay.ch/wp-content/uploads/2024/03/d91afcf9-6485-4a6d-9172-e28c3ce09c74-1086x1536.jpg 1086w, https://www.choeurdemay.ch/wp-content/uploads/2024/03/d91afcf9-6485-4a6d-9172-e28c3ce09c74.jpg 1131w" sizes="auto, (max-width: 724px) 100vw, 724px" /></figure>
</div>

<p>Vendredi 29 mars 2024 | 11h00Église Saint Théodule | Gruyères Entrée libre | Collecte</p>
