{"id":1244,"date":"2023-10-09T15:43:48","date_gmt":"2023-10-09T13:43:48","guid":{"rendered":"https:\/\/www.choeurdemay.ch\/?page_id=1244"},"modified":"2023-10-09T15:50:06","modified_gmt":"2023-10-09T13:50:06","slug":"test-2","status":"publish","type":"page","link":"https:\/\/www.choeurdemay.ch\/?page_id=1244","title":{"rendered":"Concerts hommage Michel Corboz"},"content":{"rendered":"\n<h2 class=\"has-green-color has-text-color wp-block-heading\">D\u00e9couverte de Michel Corboz compositeur<\/h2>\n\n\n\n<h4 class=\"wp-block-heading\"><em>Ve 3 novembre 2023 | \u00c9glise des Cordeliers, Fribourg | 20h00<br>Sa 4 novembre 2023 | \u00c9glise de la Tour-de-Tr\u00eame | 20h<\/em><\/h4>\n\n\n<div class=\"wp-block-image\">\n<figure class=\"aligncenter size-large\"><img loading=\"lazy\" decoding=\"async\" width=\"717\" height=\"1024\" src=\"https:\/\/www.choeurdemay.ch\/wp-content\/uploads\/2023\/10\/FMCF-Concerts-Flyer-A5-717x1024.jpg\" alt=\"\" class=\"wp-image-1240\" srcset=\"https:\/\/www.choeurdemay.ch\/wp-content\/uploads\/2023\/10\/FMCF-Concerts-Flyer-A5-717x1024.jpg 717w, https:\/\/www.choeurdemay.ch\/wp-content\/uploads\/2023\/10\/FMCF-Concerts-Flyer-A5-210x300.jpg 210w, https:\/\/www.choeurdemay.ch\/wp-content\/uploads\/2023\/10\/FMCF-Concerts-Flyer-A5-768x1096.jpg 768w, https:\/\/www.choeurdemay.ch\/wp-content\/uploads\/2023\/10\/FMCF-Concerts-Flyer-A5.jpg 875w\" sizes=\"auto, (max-width: 717px) 100vw, 717px\" \/><\/figure>\n<\/div>","protected":false},"excerpt":{"rendered":"<p>D\u00e9couverte de Michel Corboz compositeur Ve 3 novembre 2023 | \u00c9glise des Cordeliers, Fribourg | 20h00Sa 4 novembre 2023 | \u00c9glise de la Tour-de-Tr\u00eame | 20h<\/p>\n","protected":false},"author":5,"featured_media":0,"parent":0,"menu_order":0,"comment_status":"closed","ping_status":"closed","template":"","meta":{"footnotes":""},"class_list":["post-1244","page","type-page","status-publish","hentry"],"_links":{"self":[{"href":"https:\/\/www.choeurdemay.ch\/index.php?rest_route=\/wp\/v2\/pages\/1244","targetHints":{"allow":["GET"]}}],"collection":[{"href":"https:\/\/www.choeurdemay.ch\/index.php?rest_route=\/wp\/v2\/pages"}],"about":[{"href":"https:\/\/www.choeurdemay.ch\/index.php?rest_route=\/wp\/v2\/types\/page"}],"author":[{"embeddable":true,"href":"https:\/\/www.choeurdemay.ch\/index.php?rest_route=\/wp\/v2\/users\/5"}],"replies":[{"embeddable":true,"href":"https:\/\/www.choeurdemay.ch\/index.php?rest_route=%2Fwp%2Fv2%2Fcomments&post=1244"}],"version-history":[{"count":2,"href":"https:\/\/www.choeurdemay.ch\/index.php?rest_route=\/wp\/v2\/pages\/1244\/revisions"}],"predecessor-version":[{"id":1247,"href":"https:\/\/www.choeurdemay.ch\/index.php?rest_route=\/wp\/v2\/pages\/1244\/revisions\/1247"}],"wp:attachment":[{"href":"https:\/\/www.choeurdemay.ch\/index.php?rest_route=%2Fwp%2Fv2%2Fmedia&parent=1244"}],"curies":[{"name":"wp","href":"https:\/\/api.w.org\/{rel}","templated":true}]}}

<h2 class="has-green-color has-text-color wp-block-heading">Découverte de Michel Corboz compositeur</h2>



<h4 class="wp-block-heading"><em>Ve 3 novembre 2023 | Église des Cordeliers, Fribourg | 20h00<br>Sa 4 novembre 2023 | Église de la Tour-de-Trême | 20h</em></h4>


<div class="wp-block-image">
<figure class="aligncenter size-large"><img loading="lazy" decoding="async" width="717" height="1024" src="https://www.choeurdemay.ch/wp-content/uploads/2023/10/FMCF-Concerts-Flyer-A5-717x1024.jpg" alt="" class="wp-image-1240" srcset="https://www.choeurdemay.ch/wp-content/uploads/2023/10/FMCF-Concerts-Flyer-A5-717x1024.jpg 717w, https://www.choeurdemay.ch/wp-content/uploads/2023/10/FMCF-Concerts-Flyer-A5-210x300.jpg 210w, https://www.choeurdemay.ch/wp-content/uploads/2023/10/FMCF-Concerts-Flyer-A5-768x1096.jpg 768w, https://www.choeurdemay.ch/wp-content/uploads/2023/10/FMCF-Concerts-Flyer-A5.jpg 875w" sizes="auto, (max-width: 717px) 100vw, 717px" /></figure>
</div>

<p>Découverte de Michel Corboz compositeur Ve 3 novembre 2023 | Église des Cordeliers, Fribourg | 20h00Sa 4 novembre 2023 | Église de la Tour-de-Trême | 20h</p>
